Select a Year or Month report
Report for 2018 May
Monthly Climatological Summary for May 2018
Name: Meteo Sarzana City: Sarzana State: Italy
Elevation: 21 m Lat: N 44� 06' 04" Lon: E 009� 59' 08"
Temperature (�C), Rain (mm), Wind Speed (km/h)
Heat Cool Avg
Mean Deg Deg Wind Dom
Day Temp High Time Low Time Days Days Rain Speed High Time Dir
----------------------------------------------------------------------------------
1 13.7 17.3 12:20 11.6 03:07 4.6 0.0 6.4 0.6 11.3 15:52 WSW
2 14.0 16.5 22:44 12.1 06:36 4.3 0.0 8.6 2.8 27.4 22:37 NW
3 17.9 21.9 12:51 11.5 05:21 1.8 1.4 0.0 8.8 41.8 23:36 NNE
4 21.0 24.2 13:41 18.6 05:31 0.0 2.8 0.0 11.0 38.6 14:38 NNE
5 19.3 26.4 15:34 12.0 06:52 1.3 2.3 0.0 2.8 38.6 19:44 NE
6 18.3 22.4 15:28 15.2 23:49 1.1 1.1 0.0 1.8 24.1 11:46 SE
7 19.0 26.6 16:07 13.8 02:46 1.2 2.0 0.0 1.9 24.1 17:14 SE
8 18.2 24.0 11:25 14.1 03:43 1.4 1.3 0.0 1.6 35.4 17:20 NNE
9 18.5 23.3 15:41 15.3 06:10 0.9 1.1 0.0 2.2 24.1 16:04 W
10 18.8 23.7 16:54 15.6 23:53 0.9 1.3 3.6 1.4 17.7 15:48 SSE
11 18.4 23.8 15:11 14.4 02:37 1.4 1.6 0.0 0.0 0.0 00:00 ---
12 17.4 22.1 13:23 12.7 04:52 2.0 1.1 0.0 0.0 0.0 00:00 ---
13 17.0 22.4 13:43 11.9 05:55 2.1 0.8 5.0 1.0 30.6 22:52 WSW
14 13.3 16.9 16:09 9.7 23:50 5.0 0.0 5.8 2.8 33.8 11:26 SSW
15 12.3 17.9 14:05 7.5 05:04 6.0 0.0 0.6 0.9 16.1 17:38 WSW
16 14.1 20.2 13:59 7.8 06:26 4.4 0.3 0.0 2.0 25.7 14:22 S
17 15.9 22.0 15:55 10.0 06:17 3.1 0.7 0.0 0.1 11.3 18:49 SE
18 17.9 25.3 14:46 9.7 06:16 2.8 2.3 0.0 2.5 27.4 15:16 SSW
19 19.4 26.8 16:35 10.6 06:14 2.1 3.2 0.0 0.1 14.5 20:45 NW
20 20.1 27.9 13:15 12.1 05:51 1.6 3.3 0.0 4.2 37.0 17:42 NNW
21 19.1 27.5 13:05 14.6 06:12 1.2 2.0 3.8 4.1 29.0 16:34 N
22 17.5 22.9 16:21 15.1 04:32 1.4 0.6 6.4 1.1 27.4 17:05 SSE
23 19.0 24.9 15:18 13.1 06:35 1.7 2.4 0.0 2.1 20.9 13:32 S
24 19.0 23.5 14:56 14.8 02:35 1.0 1.7 0.0 1.8 19.3 11:58 SSW
25 20.5 26.2 18:00 15.5 00:04 0.8 2.9 0.0 0.8 19.3 14:50 SE
26 23.1 30.9 17:17 14.7 05:49 0.9 5.6 0.0 0.0 6.4 05:04 SSE
27 23.4 29.6 12:03 17.2 05:55 0.1 5.2 0.0 1.7 24.1 14:30 ESE
28 22.3 27.3 11:40 17.3 06:20 0.1 4.1 0.0 0.4 19.3 01:23 WSW
29 22.8 29.2 15:19 15.8 06:11 0.3 4.7 0.0 0.3 17.7 22:52 WNW
30 22.8 28.5 12:20 17.9 05:50 0.0 4.5 0.8 1.4 20.9 10:53 W
31 20.9 25.8 13:35 16.4 06:09 0.3 2.8 0.0 1.7 25.7 13:55 SW
----------------------------------------------------------------------------------
18.5 30.9 26 7.5 15 55.8 63.1 41.0 2.0 41.8 3 N
Max >= 27.0: 7
Max <= 0.0: 0
Min <= 0.0: 0
Min <= -18.0: 0
Max Rain: 8.6 on day 2
Days of Rain: 9 (>= 0.2 mm) 7 (>= 2.0 mm) 0 (>= 20.0 mm)
Heat Base: 18.3 Cool Base: 18.3 Method: Integration