Select a Year or Month report
Report for 2018 Apr
Monthly Climatological Summary for Apr 2018
Name: Meteo Sarzana City: Sarzana State: Italy
Elevation: 21 m Lat: N 44� 06' 04" Lon: E 009� 59' 08"
Temperature (�C), Rain (mm), Wind Speed (km/h)
Heat Cool Avg
Mean Deg Deg Wind Dom
Day Temp High Time Low Time Days Days Rain Speed High Time Dir
----------------------------------------------------------------------------------
1 11.6 17.2 11:32 6.8 07:26 6.7 0.0 0.2 4.3 32.2 15:38 SW
2 12.1 18.0 15:41 6.5 01:39 6.2 0.0 0.0 2.7 24.1 20:59 S
3 12.7 17.4 14:24 8.8 04:01 5.6 0.0 2.8 2.0 27.4 14:32 SSE
4 12.5 14.3 16:37 10.6 03:07 5.8 0.0 32.4 3.8 30.6 20:39 SSE
5 14.0 18.2 16:03 9.4 23:55 4.3 0.0 1.2 2.6 27.4 01:09 SSE
6 13.0 19.7 17:34 6.7 06:15 5.5 0.2 0.2 1.8 19.3 14:31 SE
7 14.2 22.7 15:48 6.6 06:43 5.0 0.8 0.0 0.5 16.1 12:36 SSE
8 15.1 23.8 15:14 7.6 05:32 4.3 1.2 0.0 1.4 22.5 12:41 S
9 13.5 15.0 03:30 11.8 09:54 4.8 0.0 6.6 3.2 33.8 07:27 NW
10 12.2 16.1 11:02 7.2 23:49 6.1 0.0 17.6 2.0 45.1 13:39 SSE
11 10.7 13.5 14:54 6.7 00:41 7.6 0.0 6.8 1.3 14.5 19:41 WSW
12 14.0 18.4 13:22 10.4 07:25 4.3 0.0 5.8 3.7 29.0 03:02 SSE
13 13.0 19.5 16:29 7.7 03:51 5.4 0.1 0.6 1.7 24.1 11:28 S
14 16.5 25.7 14:57 7.6 06:20 3.8 1.9 0.4 5.8 32.2 19:26 N
15 19.3 22.3 12:44 16.8 23:59 0.1 1.2 0.2 5.6 33.8 18:38 N
16 17.1 22.3 16:37 12.8 03:57 2.1 0.9 0.0 3.1 20.9 13:29 SE
17 16.3 23.7 16:08 9.9 06:51 3.1 1.2 0.0 2.1 25.7 21:51 E
18 20.5 26.3 14:23 14.6 22:52 0.7 2.9 0.0 6.9 37.0 17:12 NE
19 19.5 26.9 16:08 12.3 07:19 1.6 2.8 0.0 2.2 25.7 05:11 SSE
20 20.5 29.2 17:11 11.8 07:10 1.4 3.6 0.0 2.4 22.5 12:26 SE
21 18.9 26.8 11:03 10.2 06:28 2.4 3.0 0.0 1.9 25.7 14:45 SE
22 16.8 23.7 13:04 10.1 06:16 3.0 1.6 0.0 0.1 16.1 19:00 ESE
23 16.6 23.0 12:42 10.6 06:48 2.8 1.1 0.0 1.7 24.1 15:28 SE
24 17.1 25.6 14:15 10.2 05:07 3.2 2.0 0.0 1.0 17.7 16:07 SSE
25 16.5 23.1 14:32 9.8 06:50 3.1 1.3 0.0 1.1 19.3 14:44 SSE
26 18.0 23.2 12:29 13.3 02:44 1.9 1.6 0.0 1.7 20.9 13:40 SSE
27 18.6 26.9 15:14 9.6 06:32 2.8 3.1 0.0 0.1 8.0 22:41 SW
28 19.4 27.1 13:24 11.8 05:06 1.9 3.0 0.0 0.0 9.7 21:40 SSE
29 19.1 25.9 11:30 11.8 06:57 1.6 2.5 0.4 0.9 40.2 23:47 SSW
30 16.4 19.2 13:27 13.1 23:58 2.0 0.0 1.0 5.8 35.4 00:00 SW
----------------------------------------------------------------------------------
15.9 29.2 20 6.5 2 109.1 36.0 76.2 2.4 45.1 10 SSE
Max >= 27.0: 2
Max <= 0.0: 0
Min <= 0.0: 0
Min <= -18.0: 0
Max Rain: 32.4 on day 4
Days of Rain: 14 (>= 0.2 mm) 6 (>= 2.0 mm) 1 (>= 20.0 mm)
Heat Base: 18.3 Cool Base: 18.3 Method: Integration