Select a Year or Month report
Report for 2018 Feb
Monthly Climatological Summary for Feb 2018
Name: Meteo Sarzana City: Sarzana State: Italy
Elevation: 21 m Lat: N 44� 06' 04" Lon: E 009� 59' 08"
Temperature (�C), Rain (mm), Wind Speed (km/h)
Heat Cool Avg
Mean Deg Deg Wind Dom
Day Temp High Time Low Time Days Days Rain Speed High Time Dir
----------------------------------------------------------------------------------
1 11.2 12.8 10:45 9.1 21:46 7.1 0.0 27.8 9.4 48.3 03:34 SSW
2 9.2 11.2 00:00 7.7 21:44 9.1 0.0 3.8 3.8 38.6 23:19 NNW
3 6.0 8.7 12:09 1.1 23:29 12.3 0.0 7.2 9.9 51.5 02:41 NNE
4 3.3 6.8 16:17 -0.4 04:24 15.0 0.0 0.0 1.0 12.9 13:13 WSW
5 6.9 9.4 13:30 4.6 07:35 11.4 0.0 0.8 2.0 29.0 10:50 WNW
6 8.2 10.7 13:09 5.9 01:34 10.1 0.0 1.2 7.3 37.0 16:29 NNE
7 8.4 11.8 11:38 4.8 23:53 9.9 0.0 0.0 4.9 30.6 01:16 N
8 6.5 9.3 11:39 4.1 00:38 11.8 0.0 4.2 0.7 20.9 11:48 SE
9 6.6 12.3 12:51 1.7 23:03 11.7 0.0 2.2 1.5 17.7 13:17 SSW
10 5.9 12.6 13:21 -0.1 08:05 12.4 0.0 0.0 5.8 35.4 11:59 NNE
11 5.8 11.8 13:48 -0.6 07:34 12.5 0.0 0.0 1.7 29.0 02:01 ENE
12 7.3 11.4 15:09 4.3 00:00 11.0 0.0 13.8 4.9 27.4 16:41 NNW
13 7.0 11.4 15:09 2.5 20:56 11.3 0.0 0.0 6.6 32.2 06:30 N
14 5.7 11.1 12:09 -0.3 23:55 12.6 0.0 1.0 3.5 27.4 01:21 W
15 3.7 9.8 12:47 -2.6 05:51 14.6 0.0 0.0 0.0 6.4 20:00 WSW
16 8.3 11.7 13:13 5.9 03:10 10.0 0.0 0.4 0.1 6.4 00:01 WSW
17 9.1 10.6 22:35 8.1 06:56 9.2 0.0 14.4 0.6 14.5 19:02 SSW
18 10.5 13.5 13:22 8.2 23:58 7.8 0.0 2.8 8.0 38.6 14:20 NNE
19 8.3 11.9 13:05 2.3 23:54 10.0 0.0 0.0 11.3 35.4 03:13 NNE
20 4.9 11.2 12:20 -1.3 06:18 13.4 0.0 0.0 6.1 37.0 19:15 NNE
21 7.9 9.3 10:14 6.6 00:34 10.4 0.0 0.0 18.5 57.9 09:38 NNE
22 7.9 10.9 14:46 6.1 03:30 10.4 0.0 0.0 11.6 48.3 21:21 NNE
23 8.2 10.8 13:25 6.3 07:25 10.1 0.0 0.4 17.7 48.3 22:38 NNE
24 12.7 17.4 16:05 8.6 00:29 5.6 0.0 0.0 8.7 43.5 05:36 NE
25 4.8 10.6 00:00 0.1 17:55 13.5 0.0 2.2 9.8 49.9 21:43 NNE
26 0.2 2.4 12:54 -1.9 22:51 18.1 0.0 0.0 10.1 48.3 11:36 N
27 -0.5 4.6 14:25 -4.4 23:57 18.8 0.0 0.0 7.2 30.6 12:45 N
28 0.0 5.6 12:48 -6.2 03:59 18.3 0.0 0.0 3.6 29.0 21:39 N
----------------------------------------------------------------------------------
6.6 17.4 24 -6.2 28 328.4 0.0 82.2 6.3 57.9 21 NNE
Max >= 27.0: 0
Max <= 0.0: 0
Min <= 0.0: 9
Min <= -18.0: 0
Max Rain: 27.8 on day 1
Days of Rain: 14 (>= 0.2 mm) 9 (>= 2.0 mm) 1 (>= 20.0 mm)
Heat Base: 18.3 Cool Base: 18.3 Method: Integration