Select a Year or Month report
Report for 2017 Dec
Monthly Climatological Summary for Dec 2017
Name: Meteo Sarzana City: Sarzana State: Italy
Elevation: 21 m Lat: N 44� 06' 04" Lon: E 009� 59' 08"
Temperature (�C), Rain (mm), Wind Speed (km/h)
Heat Cool Avg
Mean Deg Deg Wind Dom
Day Temp High Time Low Time Days Days Rain Speed High Time Dir
----------------------------------------------------------------------------------
1 5.1 10.3 13:18 -1.2 00:00 13.2 0.0 2.6 3.7 29.0 06:53 N
2 8.4 9.4 06:24 5.3 00:00 9.8 0.0 0.2 20.8 72.4 15:54 NNE
3 7.8 13.0 14:02 1.6 23:59 10.5 0.0 0.0 7.0 48.3 00:06 NNE
4 3.2 12.0 15:17 -3.0 07:57 15.1 0.0 0.0 1.4 14.5 00:35 SW
5 4.4 13.8 13:51 -1.1 08:20 13.9 0.0 0.0 0.0 1.6 14:00 ---
6 6.8 14.7 14:14 1.3 01:30 11.5 0.0 0.0 0.7 16.1 13:48 SSE
7 9.4 13.7 23:12 5.8 00:42 8.9 0.0 6.2 2.3 33.8 21:44 S
8 12.6 13.8 05:58 10.3 23:39 5.7 0.0 70.2 10.3 49.9 06:21 SW
9 6.3 10.6 00:00 -2.8 23:58 12.0 0.0 0.0 6.3 37.0 11:36 NNW
10 4.3 14.6 23:51 -2.9 00:11 13.9 0.0 39.0 3.5 48.3 23:36 S
11 14.1 15.1 03:41 12.6 05:40 4.2 0.0 56.6 11.1 51.5 20:18 SSE
12 12.4 13.8 00:01 10.2 21:14 5.9 0.0 2.8 4.1 48.3 00:01 S
13 9.9 13.9 13:54 6.3 20:44 8.4 0.0 1.2 2.4 37.0 22:44 SSE
14 12.7 14.2 23:43 11.2 02:55 5.6 0.0 22.4 6.9 46.7 21:03 S
15 12.7 14.6 08:49 5.6 23:59 5.6 0.0 7.8 8.9 51.5 03:53 SSW
16 5.1 8.3 07:11 1.9 03:45 13.2 0.0 19.8 6.8 53.1 12:42 NNE
17 4.1 12.8 13:02 -0.7 23:48 14.2 0.0 0.0 0.8 17.7 00:23 WSW
18 2.6 8.6 13:06 -2.8 07:48 15.7 0.0 0.0 0.3 12.9 12:31 SW
19 2.7 9.9 13:17 -1.4 07:30 15.6 0.0 0.0 0.3 14.5 14:59 SSE
20 2.8 10.1 13:50 -1.5 23:09 15.5 0.0 0.0 0.4 12.9 12:08 SSE
21 1.8 11.3 13:57 -3.8 07:42 16.5 0.0 0.2 0.1 6.4 06:05 ESE
22 3.8 12.4 15:20 -1.0 06:55 14.5 0.0 0.0 0.4 12.9 12:40 WSW
23 4.6 15.3 13:58 -0.7 07:11 13.7 0.0 0.2 0.0 0.0 00:00 ---
24 5.2 15.4 14:19 -0.7 06:34 13.1 0.0 0.0 0.1 6.4 11:45 SE
25 8.3 9.8 14:16 6.8 00:00 10.0 0.0 1.6 0.4 9.7 23:32 WSW
26 11.0 13.3 14:33 9.2 00:00 7.3 0.0 31.6 2.8 22.5 22:13 SE
27 9.7 11.3 00:46 7.9 20:59 8.6 0.0 27.2 3.9 32.2 01:51 SSE
28 8.0 10.4 15:27 5.0 19:24 10.3 0.0 0.4 5.7 43.5 03:11 N
29 4.8 10.7 11:57 0.0 06:52 13.5 0.0 0.0 1.9 29.0 00:22 NE
30 6.7 12.3 14:01 2.2 04:13 11.6 0.0 0.0 0.7 11.3 05:38 WSW
31 9.8 12.6 22:11 7.6 04:39 8.5 0.0 1.2 1.7 20.9 22:53 SSW
----------------------------------------------------------------------------------
7.1 15.4 24 -3.8 21 346.0 0.0 291.2 3.7 72.4 2 SE
Max >= 27.0: 0
Max <= 0.0: 0
Min <= 0.0: 14
Min <= -18.0: 0
Max Rain: 70.2 on day 8
Days of Rain: 18 (>= 0.2 mm) 11 (>= 2.0 mm) 6 (>= 20.0 mm)
Heat Base: 18.3 Cool Base: 18.3 Method: Integration