Select a Year or Month report
Report for 2017 Nov
Monthly Climatological Summary for Nov 2017
Name: Meteo Sarzana City: Sarzana State: Italy
Elevation: 21 m Lat: N 44� 06' 04" Lon: E 009� 59' 08"
Temperature (�C), Rain (mm), Wind Speed (km/h)
Heat Cool Avg
Mean Deg Deg Wind Dom
Day Temp High Time Low Time Days Days Rain Speed High Time Dir
----------------------------------------------------------------------------------
1 10.6 19.8 12:45 4.2 07:21 7.8 0.1 0.0 0.0 3.2 04:06 ---
2 11.8 18.7 13:53 5.3 02:31 6.5 0.0 3.6 0.9 19.3 18:39 SSW
3 15.2 19.8 13:15 12.3 23:54 3.2 0.1 1.2 0.8 12.9 12:46 SSW
4 15.3 19.8 13:00 12.2 00:45 3.1 0.1 0.2 0.6 11.3 10:46 SW
5 14.3 18.3 05:45 11.9 10:10 4.0 0.0 20.8 3.4 48.3 08:33 SSE
6 12.5 14.4 14:10 9.7 23:18 5.8 0.0 7.0 2.8 27.4 17:47 NE
7 9.3 10.7 16:13 6.6 23:46 9.0 0.0 8.4 2.2 20.9 05:22 NNW
8 9.4 14.4 12:39 4.4 07:00 8.9 0.0 3.0 0.8 14.5 00:33 WSW
9 10.6 12.7 12:06 9.6 06:10 7.6 0.0 4.2 2.3 17.7 14:21 W
10 11.5 18.3 13:28 6.3 23:47 6.8 0.0 0.0 3.1 25.7 10:54 WNW
11 9.6 17.7 14:44 3.9 07:06 8.7 0.0 0.2 1.0 14.5 13:19 SW
12 12.1 17.5 13:15 7.2 02:52 6.2 0.0 0.0 1.4 25.7 21:29 SSE
13 8.5 15.8 00:25 6.5 16:16 9.8 0.0 6.0 14.0 64.4 01:38 N
14 12.2 14.4 18:24 9.6 00:00 6.1 0.0 0.0 17.6 59.5 13:26 NNE
15 13.2 16.4 14:42 10.3 21:03 5.1 0.0 0.0 9.2 45.1 05:58 NNE
16 11.7 17.3 11:57 5.2 23:42 6.6 0.0 0.0 4.3 32.2 09:50 NNE
17 8.8 17.0 12:35 3.6 06:52 9.5 0.0 0.0 0.2 6.4 05:07 ENE
21 6.9 11.8 17:34 4.3 03:05 6.3 0.0 0.0 0.1 8.0 03:34 NE
22 11.7 18.3 13:42 7.1 00:19 6.6 0.0 0.0 0.6 12.9 14:54 S
23 12.5 18.2 13:12 7.6 04:52 5.8 0.0 0.4 0.7 16.1 12:47 S
24 11.9 16.9 14:54 8.7 05:04 6.4 0.0 0.0 0.3 8.0 10:27 SW
25 14.1 15.8 20:35 11.3 00:00 4.2 0.0 7.2 5.7 40.2 18:51 SSE
26 10.7 14.1 00:00 3.3 23:15 7.6 0.0 0.2 8.6 37.0 06:16 NNE
27 6.3 13.5 13:49 0.3 23:52 12.0 0.0 0.0 3.4 25.7 00:36 WSW
28 5.3 9.3 22:40 -0.5 02:38 13.0 0.0 11.6 1.2 16.1 19:16 WSW
29 9.7 14.3 12:12 5.7 23:56 8.6 0.0 8.2 1.3 20.9 10:17 S
30 5.8 13.7 15:37 -1.2 23:47 12.5 0.0 0.4 1.0 20.9 05:54 W
----------------------------------------------------------------------------------
10.8 19.8 1 -1.2 30 197.7 0.3 82.6 3.3 64.4 13 NNE
Max >= 27.0: 0
Max <= 0.0: 0
Min <= 0.0: 2
Min <= -18.0: 0
Max Rain: 20.8 on day 5
Days of Rain: 16 (>= 0.2 mm) 10 (>= 2.0 mm) 1 (>= 20.0 mm)
Heat Base: 18.3 Cool Base: 18.3 Method: Integration