Select a Year or Month report
Report for 2017 Sep
Monthly Climatological Summary for Sep 2017
Name: Meteo Sarzana City: Sarzana State: Italy
Elevation: 21 m Lat: N 44� 06' 04" Lon: E 009� 59' 08"
Temperature (�C), Rain (mm), Wind Speed (km/h)
Heat Cool Avg
Mean Deg Deg Wind Dom
Day Temp High Time Low Time Days Days Rain Speed High Time Dir
----------------------------------------------------------------------------------
1 23.2 26.8 16:12 19.7 08:23 0.0 4.9 6.6 4.0 32.2 08:19 S
2 21.8 26.0 16:02 14.8 23:58 0.2 3.7 0.6 8.7 38.6 20:48 SSE
3 19.6 25.4 15:03 13.2 07:31 1.3 2.6 0.0 3.8 25.7 15:40 S
4 18.8 26.6 12:29 11.5 06:48 2.3 2.8 0.0 3.9 27.4 15:56 SW
5 19.9 27.1 13:01 13.0 07:30 1.7 3.3 0.0 1.5 22.5 14:13 SSW
6 19.6 25.3 13:22 14.6 04:05 0.8 2.1 0.0 2.6 25.7 13:36 S
7 21.6 28.6 14:38 15.3 07:01 0.6 3.9 0.0 0.1 16.1 17:17 SW
8 22.2 28.4 15:52 17.6 23:58 0.1 4.0 0.0 2.8 22.5 12:23 SSW
9 19.5 25.2 14:59 15.8 06:44 0.8 2.1 9.8 3.1 25.7 11:47 S
10 18.4 21.3 15:03 17.4 00:00 0.4 0.5 17.6 2.2 17.7 10:13 WNW
11 19.4 25.8 13:59 15.1 07:31 0.9 2.0 2.6 2.7 22.5 14:49 SW
12 18.8 23.6 14:49 14.6 03:58 1.2 1.7 1.6 4.9 38.6 12:19 SW
13 18.5 24.0 13:29 13.3 07:03 1.7 1.9 0.8 2.4 25.7 16:13 SSW
14 19.2 22.0 20:30 14.9 01:24 0.9 1.7 0.6 5.4 41.8 12:22 S
15 19.2 23.3 15:00 14.3 20:18 0.9 1.8 0.6 4.2 32.2 17:23 S
16 17.3 22.3 14:44 14.6 06:54 1.8 0.8 0.4 2.1 20.9 14:27 SSW
17 17.4 21.4 14:58 13.3 03:43 1.6 0.7 0.6 7.4 43.5 10:55 SW
18 17.9 20.7 12:09 13.7 23:27 0.9 0.6 0.4 4.2 32.2 00:06 SSW
19 15.6 21.2 13:01 12.2 05:38 3.1 0.4 0.4 4.2 38.6 03:09 N
20 15.4 22.1 12:34 9.2 06:34 3.8 0.9 0.4 2.1 22.5 13:47 SSE
21 15.1 22.8 15:08 8.0 06:54 4.4 1.2 0.2 1.5 22.5 14:16 SW
22 15.8 23.9 15:33 8.8 06:02 3.9 1.5 0.4 1.3 19.3 13:48 S
23 16.5 23.1 15:03 10.6 07:15 3.0 1.2 0.4 1.2 14.5 12:51 SSW
24 17.2 21.3 13:47 14.4 01:47 1.7 0.6 0.4 1.3 19.3 15:58 S
25 16.4 23.3 12:16 11.1 07:48 2.9 1.0 0.4 1.1 17.7 13:54 SSE
26 16.9 23.3 16:04 9.8 07:33 2.7 1.3 0.2 1.2 20.9 22:15 N
27 18.6 25.1 12:31 12.0 07:43 1.7 2.0 0.2 3.0 29.0 03:56 E
28 17.6 25.1 12:16 11.3 07:15 2.5 1.9 0.2 2.5 22.5 16:05 SE
29 17.2 24.2 12:35 11.2 07:37 2.7 1.6 0.2 0.3 14.5 15:59 SE
30 17.1 24.9 13:21 11.1 07:11 2.6 1.5 0.0 0.3 14.5 16:20 S
----------------------------------------------------------------------------------
18.4 28.6 7 8.0 21 53.1 56.2 45.6 2.9 43.5 17 S
Max >= 27.0: 3
Max <= 0.0: 0
Min <= 0.0: 0
Min <= -18.0: 0
Max Rain: 17.6 on day 10
Days of Rain: 23 (>= 0.2 mm) 4 (>= 2.0 mm) 0 (>= 20.0 mm)
Heat Base: 18.3 Cool Base: 18.3 Method: Integration