Select a Year or Month report
Report for 2017 Aug
Monthly Climatological Summary for Aug 2017
Name: Meteo Sarzana City: Sarzana State: Italy
Elevation: 21 m Lat: N 44� 06' 04" Lon: E 009� 59' 08"
Temperature (�C), Rain (mm), Wind Speed (km/h)
Heat Cool Avg
Mean Deg Deg Wind Dom
Day Temp High Time Low Time Days Days Rain Speed High Time Dir
----------------------------------------------------------------------------------
1 27.3 35.6 16:14 18.5 06:32 0.0 9.0 0.0 2.7 25.7 12:38 SE
2 27.6 36.6 17:51 18.9 06:45 0.0 9.3 0.0 3.0 22.5 14:46 SE
3 27.2 35.0 14:02 18.8 06:34 0.0 8.9 0.0 2.7 19.3 14:12 SE
4 26.5 34.8 15:17 18.1 06:32 0.0 8.2 0.0 2.8 20.9 12:31 SE
5 27.1 36.7 15:37 17.5 06:31 0.0 8.8 0.0 2.8 22.5 16:18 SE
6 26.2 33.3 14:08 19.6 05:53 0.0 7.9 0.0 3.2 25.7 11:32 SSE
7 27.6 35.0 18:50 20.8 06:31 0.0 9.3 0.0 0.0 4.8 02:50 ENE
8 26.1 34.2 15:14 18.8 06:46 0.0 7.8 0.0 2.9 24.1 16:14 SSE
9 26.4 32.1 14:43 21.6 23:56 0.0 8.1 0.0 2.4 24.1 14:09 SSE
10 23.7 30.8 15:35 18.0 06:08 0.0 5.4 0.0 2.9 25.7 13:12 SSW
11 21.6 24.4 16:49 14.8 23:52 0.3 3.6 0.6 7.9 45.1 20:51 SSW
12 21.1 27.4 13:01 14.3 05:06 1.1 3.9 3.0 4.5 24.1 13:59 WSW
13 21.7 28.7 14:07 13.8 06:42 0.9 4.3 0.0 0.1 9.7 07:01 SE
14 24.0 32.8 16:43 14.7 06:33 0.7 6.4 0.0 0.0 0.0 00:00 ---
15 23.7 33.1 15:14 15.1 06:36 0.5 5.9 0.0 0.8 19.3 13:06 SE
16 22.7 30.8 16:12 14.6 06:30 0.8 5.2 0.0 2.9 22.5 13:15 ESE
17 25.6 34.3 17:59 17.3 05:49 0.1 7.4 0.0 2.7 22.5 13:48 SE
18 27.1 35.7 15:03 18.8 06:48 0.0 8.8 0.0 2.3 22.5 15:27 S
19 25.0 30.4 14:53 20.1 05:43 0.0 6.7 0.0 3.1 24.1 12:29 SSE
20 25.2 31.3 13:42 18.5 06:44 0.0 6.9 0.0 5.4 32.2 19:27 NE
21 24.2 29.8 13:51 15.2 07:01 0.3 6.2 0.0 4.2 24.1 10:37 SE
22 22.3 29.2 15:29 14.4 07:05 0.7 4.8 0.0 2.6 20.9 12:07 SSE
23 22.4 30.1 14:28 14.8 06:39 0.7 4.8 0.0 2.9 24.1 12:49 SSE
24 22.3 29.4 15:26 14.5 06:58 0.7 4.7 0.0 2.7 19.3 12:12 SE
25 23.2 30.3 16:23 16.3 06:11 0.3 5.3 0.0 2.3 20.9 14:02 SE
26 23.6 31.8 13:11 16.3 05:47 0.4 5.7 0.0 0.0 12.9 15:14 E
27 23.6 31.4 16:35 15.8 06:25 0.5 5.7 0.0 2.5 22.5 14:06 SE
28 23.7 30.7 15:22 17.4 06:46 0.1 5.5 0.0 1.9 20.9 12:50 SE
29 26.8 35.2 15:29 19.2 07:04 0.0 8.5 0.0 0.1 16.1 17:03 SSE
30 25.6 33.2 11:44 18.2 06:59 0.0 7.3 0.0 2.7 20.9 15:07 SSE
31 23.4 30.3 15:10 17.6 05:49 0.1 5.1 0.0 2.7 24.1 17:48 SSW
----------------------------------------------------------------------------------
24.7 36.7 5 13.8 13 8.2 205.4 3.6 2.6 45.1 11 SSE
Max >= 27.0: 30
Max <= 0.0: 0
Min <= 0.0: 0
Min <= -18.0: 0
Max Rain: 3.0 on day 12
Days of Rain: 2 (>= 0.2 mm) 1 (>= 2.0 mm) 0 (>= 20.0 mm)
Heat Base: 18.3 Cool Base: 18.3 Method: Integration