Select a Year or Month report
Report for 2017 Jul
Monthly Climatological Summary for Jul 2017
Name: Meteo Sarzana City: Sarzana State: Italy
Elevation: 21 m Lat: N 44� 06' 04" Lon: E 009� 59' 08"
Temperature (�C), Rain (mm), Wind Speed (km/h)
Heat Cool Avg
Mean Deg Deg Wind Dom
Day Temp High Time Low Time Days Days Rain Speed High Time Dir
----------------------------------------------------------------------------------
1 20.2 23.8 13:30 15.8 23:54 0.3 2.3 0.0 4.3 32.2 12:16 SSE
2 20.6 27.0 15:52 13.3 04:50 1.4 3.6 0.0 2.9 22.5 12:32 S
3 22.6 29.4 14:47 15.1 06:11 0.5 4.9 0.0 0.0 3.2 06:38 ---
4 22.7 30.0 14:55 14.1 06:13 0.8 5.2 0.0 2.0 22.5 14:13 SE
5 23.0 30.6 16:20 14.8 05:56 0.7 5.3 0.0 2.8 20.9 14:04 ESE
6 22.5 30.9 14:56 13.3 06:04 1.1 5.4 0.0 2.7 19.3 17:04 SE
7 23.9 32.0 14:34 14.6 06:00 0.8 6.3 0.0 2.5 22.5 15:04 SSE
8 24.1 31.5 15:13 15.8 05:44 0.4 6.2 0.0 2.3 17.7 12:53 SSE
9 24.8 32.1 14:51 18.6 03:26 0.0 6.5 0.0 2.6 22.5 16:37 SSE
10 24.7 28.8 16:07 20.2 05:44 0.0 6.4 0.6 3.6 25.7 11:43 S
11 24.6 29.7 15:01 20.1 02:10 0.0 6.3 0.2 3.3 29.0 16:23 S
12 24.2 29.7 12:46 18.7 05:27 0.0 5.9 0.0 3.2 25.7 12:06 SSE
13 24.8 29.9 13:47 18.9 05:44 0.0 6.5 0.0 2.7 24.1 14:03 SSE
14 25.8 31.5 15:52 22.2 04:19 0.0 7.5 0.0 3.3 41.8 10:53 S
15 26.6 33.1 16:28 18.7 06:38 0.0 8.3 0.0 6.1 32.2 16:03 N
16 26.2 30.8 16:34 20.0 23:57 0.0 7.9 0.0 7.4 33.8 17:44 NNE
17 23.5 30.6 11:50 14.4 06:35 0.6 5.8 0.0 2.9 22.5 13:49 SSW
18 24.2 31.4 16:16 15.4 06:21 0.4 6.3 0.0 3.0 24.1 16:36 SSW
19 23.2 30.6 14:05 15.3 05:58 0.7 5.6 0.0 2.8 22.5 14:52 SSE
20 23.1 29.7 14:47 15.8 05:41 0.4 5.2 0.0 2.2 20.9 11:45 S
21 24.0 31.3 13:40 16.7 06:13 0.2 5.9 0.0 1.6 24.1 15:00 SSE
22 25.4 31.6 15:36 20.1 02:06 0.0 7.1 0.0 3.0 22.5 13:40 S
23 24.6 29.7 13:40 18.5 06:11 0.0 6.3 0.0 3.0 24.1 12:20 S
24 24.8 27.8 15:53 21.7 06:11 0.0 6.5 0.4 4.7 35.4 14:28 S
25 24.4 31.2 15:54 16.9 06:52 0.1 6.2 0.0 2.9 35.4 14:30 WSW
26 23.4 29.0 15:20 17.6 06:27 0.1 5.1 0.0 3.3 24.1 11:54 S
27 23.1 30.2 14:11 15.2 06:30 0.5 5.3 0.0 2.3 24.1 14:56 SSE
28 23.6 29.8 14:31 17.4 02:48 0.1 5.3 0.0 2.9 24.1 17:08 S
29 25.5 30.8 17:38 19.7 03:24 0.0 7.2 0.4 3.3 24.1 11:03 S
30 24.7 30.2 15:37 18.4 06:31 0.0 6.4 0.4 3.5 24.1 11:43 S
31 25.9 34.1 14:49 18.1 06:30 0.0 7.7 0.0 0.7 16.1 16:59 SE
----------------------------------------------------------------------------------
24.0 34.1 31 13.3 2 9.1 186.4 2.0 3.0 41.8 14 SSE
Max >= 27.0: 30
Max <= 0.0: 0
Min <= 0.0: 0
Min <= -18.0: 0
Max Rain: 0.6 on day 10
Days of Rain: 5 (>= 0.2 mm) 0 (>= 2.0 mm) 0 (>= 20.0 mm)
Heat Base: 18.3 Cool Base: 18.3 Method: Integration