Select a Year or Month report
Report for 2017 Jun
Monthly Climatological Summary for Jun 2017
Name: Meteo Sarzana City: Sarzana State: Italy
Elevation: 21 m Lat: N 44� 06' 04" Lon: E 009� 59' 08"
Temperature (�C), Rain (mm), Wind Speed (km/h)
Heat Cool Avg
Mean Deg Deg Wind Dom
Day Temp High Time Low Time Days Days Rain Speed High Time Dir
----------------------------------------------------------------------------------
1 20.5 27.4 17:11 13.2 05:54 1.4 3.7 0.0 2.8 19.3 14:13 SSE
2 20.3 27.4 14:54 12.6 05:24 1.4 3.4 0.0 1.6 19.3 14:01 SE
3 20.7 27.8 14:41 12.8 05:49 1.4 3.8 0.0 2.9 20.9 12:40 SE
4 20.0 25.9 14:37 14.2 05:31 1.1 2.8 0.0 2.7 24.1 12:22 S
5 21.1 27.8 11:38 13.5 06:03 1.1 3.9 0.0 2.1 20.9 12:49 S
6 20.9 24.6 15:00 18.0 05:51 0.0 2.6 8.0 3.8 27.4 15:43 SSE
7 21.0 23.2 14:50 15.4 23:56 0.1 2.8 0.0 5.5 29.0 13:17 SSE
8 21.2 28.5 15:50 12.8 05:48 1.5 4.4 0.0 2.7 22.5 14:09 SSW
9 22.3 29.8 16:04 14.2 05:38 0.8 4.8 0.0 2.2 22.5 16:36 SSW
10 21.2 28.3 16:12 13.7 05:58 1.1 4.0 0.0 2.7 19.3 13:14 SE
11 24.6 33.3 16:06 15.4 06:01 0.4 6.8 0.0 2.2 17.7 11:54 S
12 24.3 31.3 11:47 16.8 05:47 0.2 6.2 0.0 2.8 19.3 18:47 SSE
13 23.5 29.4 17:02 16.2 05:45 0.3 5.5 0.0 2.6 19.3 12:21 SE
14 22.9 29.2 13:17 16.6 05:29 0.2 4.8 0.0 2.0 20.9 15:34 SSE
15 24.9 30.8 17:49 19.0 04:08 0.0 6.6 0.0 2.5 19.3 19:26 SSE
16 25.1 30.2 13:18 19.3 05:41 0.0 6.8 0.0 3.0 22.5 13:35 ESE
17 27.0 33.9 14:44 19.2 06:04 0.0 8.7 0.0 0.1 16.1 20:39 NE
18 25.1 30.6 13:41 18.8 05:49 0.0 6.8 0.0 3.1 22.5 11:37 SW
19 24.2 31.8 13:19 14.3 05:56 0.7 6.6 0.0 2.5 22.5 14:52 SW
20 23.8 30.3 13:02 16.1 06:07 0.3 5.8 0.0 3.0 22.5 13:47 SSE
21 23.0 30.1 15:47 14.9 06:19 0.6 5.3 0.0 2.3 22.5 16:22 SE
22 24.2 30.1 16:47 16.4 05:59 0.2 6.1 0.0 2.6 22.5 15:28 SE
23 24.5 30.2 15:20 18.7 04:31 0.0 6.2 0.0 2.2 19.3 11:44 S
24 24.6 29.9 16:39 20.6 05:55 0.0 6.3 0.0 2.0 19.3 17:59 SW
25 24.7 27.8 16:40 21.7 00:36 0.0 6.4 0.2 3.2 24.1 09:41 S
26 25.6 31.1 11:56 19.1 06:19 0.0 7.3 0.0 2.1 22.5 14:41 SSW
27 25.9 32.2 13:11 19.8 04:48 0.0 7.6 0.0 3.4 24.1 14:38 S
28 24.4 28.9 10:38 19.2 17:14 0.0 6.1 31.6 7.1 53.1 14:52 SSE
29 22.8 24.9 14:53 20.8 07:26 0.0 4.5 2.0 11.1 38.6 05:26 SSW
30 21.5 23.6 12:14 17.3 06:11 0.0 3.3 0.0 5.3 27.4 20:26 SSW
----------------------------------------------------------------------------------
23.2 33.9 17 12.6 2 12.8 159.9 41.8 3.1 53.1 28 S
Max >= 27.0: 25
Max <= 0.0: 0
Min <= 0.0: 0
Min <= -18.0: 0
Max Rain: 31.6 on day 28
Days of Rain: 4 (>= 0.2 mm) 3 (>= 2.0 mm) 1 (>= 20.0 mm)
Heat Base: 18.3 Cool Base: 18.3 Method: Integration