Select a Year or Month report
Report for 2016 Dec
Monthly Climatological Summary for Dec 2016
Name: Meteo Sarzana City: Sarzana State: Italy
Elevation: 21 m Lat: N 44� 06' 04" Lon: E 009� 59' 08"
Temperature (�C), Rain (mm), Wind Speed (km/h)
Heat Cool Avg
Mean Deg Deg Wind Dom
Day Temp High Time Low Time Days Days Rain Speed High Time Dir
----------------------------------------------------------------------------------
1 6.6 13.5 13:50 -0.8 02:34 11.7 0.0 0.0 0.8 11.3 10:39 WSW
2 9.3 15.7 12:49 4.8 23:06 9.0 0.0 0.0 1.0 11.3 11:55 SW
3 8.7 11.6 18:20 4.9 00:00 9.6 0.0 0.0 2.3 17.7 19:54 WNW
4 10.8 16.9 14:29 6.3 08:22 7.5 0.0 0.0 4.0 22.5 17:45 W
5 9.0 12.2 16:10 4.4 23:57 9.3 0.0 1.8 2.9 19.3 12:15 W
6 7.5 17.2 15:29 2.4 07:17 10.8 0.0 0.2 1.3 11.3 11:22 WSW
7 6.9 18.2 14:40 1.4 07:54 11.4 0.0 0.2 1.1 12.9 12:59 SW
8 5.3 16.2 14:23 -0.3 08:05 13.0 0.0 0.2 0.7 11.3 15:16 SSW
9 6.6 16.1 14:10 0.7 02:34 11.7 0.0 0.0 0.2 9.7 06:42 WSW
10 8.6 12.3 14:49 3.6 00:44 9.7 0.0 0.0 1.2 14.5 11:47 SW
11 10.5 15.9 12:53 5.7 22:02 7.8 0.0 0.0 1.2 11.3 02:50 SW
12 8.0 17.0 13:45 3.6 23:59 10.3 0.0 0.0 1.0 12.9 15:02 SSE
13 6.0 16.4 14:40 0.9 07:06 12.3 0.0 0.4 0.8 9.7 12:10 SW
14 7.5 16.0 13:18 1.3 06:38 10.8 0.0 0.0 0.9 14.5 15:28 SSW
15 8.2 16.2 14:35 4.2 23:41 10.1 0.0 0.0 0.7 12.9 12:45 SSW
16 6.1 14.2 14:01 1.0 07:32 12.2 0.0 0.0 2.3 29.0 16:59 NNE
17 3.6 12.2 13:03 -1.2 07:41 14.7 0.0 0.0 1.1 11.3 14:05 S
18 2.2 13.2 14:52 -2.9 07:48 16.1 0.0 0.2 0.9 11.3 12:55 SW
19 6.4 11.4 23:50 -0.3 00:00 11.9 0.0 0.2 3.0 38.6 23:46 NW
20 11.3 13.0 12:32 8.3 07:01 7.0 0.0 3.6 6.4 32.2 02:18 N
21 12.9 18.7 14:27 5.3 23:55 5.4 0.0 0.0 4.6 25.7 03:53 N
22 7.0 16.8 14:22 1.5 07:59 11.3 0.0 0.0 0.4 9.7 12:30 SSW
23 6.1 15.9 14:15 0.6 08:12 12.2 0.0 0.0 0.4 8.0 11:12 SSW
24 5.1 13.2 14:42 -0.3 07:29 13.2 0.0 0.2 0.6 6.4 10:42 WSW
25 6.8 14.0 13:57 2.6 04:46 11.5 0.0 0.2 0.9 11.3 11:29 SW
26 7.5 15.0 14:41 2.7 08:12 10.8 0.0 0.0 1.2 12.9 01:47 S
27 7.0 15.5 14:09 2.4 07:10 11.3 0.0 0.4 1.2 11.3 11:43 SSW
28 5.1 17.1 14:46 -0.6 08:19 13.2 0.0 0.0 1.3 9.7 03:49 SSW
29 4.5 12.6 14:52 -0.5 08:08 13.8 0.0 0.4 1.7 16.1 13:50 SSW
30 3.7 13.8 14:19 -1.7 08:01 14.6 0.0 0.0 1.4 12.9 11:15 SW
31 2.7 13.4 14:47 -3.2 07:37 15.6 0.0 0.0 0.7 12.9 15:49 SSW
----------------------------------------------------------------------------------
7.0 18.7 21 -3.2 31 349.8 0.0 8.0 1.6 38.6 19 W
Max >= 27.0: 0
Max <= 0.0: 0
Min <= 0.0: 10
Min <= -18.0: 0
Max Rain: 3.6 on day 20
Days of Rain: 12 (>= 0.2 mm) 1 (>= 2.0 mm) 0 (>= 20.0 mm)
Heat Base: 18.3 Cool Base: 18.3 Method: Integration