Select a Year or Month report
Report for 2016 Aug
Monthly Climatological Summary for Aug 2016
Name: Meteo Sarzana City: Sarzana State: Italy
Elevation: 21 m Lat: N 44� 06' 04" Lon: E 009� 59' 08"
Temperature (�C), Rain (mm), Wind Speed (km/h)
Heat Cool Avg
Mean Deg Deg Wind Dom
Day Temp High Time Low Time Days Days Rain Speed High Time Dir
----------------------------------------------------------------------------------
1 25.0 31.3 15:28 19.3 00:59 0.0 6.7 0.0 2.7 24.1 12:41 S
2 24.2 29.8 16:28 18.3 06:00 0.0 5.9 0.0 2.2 20.9 14:49 SSE
3 25.5 31.6 16:01 19.0 06:34 0.0 7.1 0.0 2.2 19.3 13:26 SSE
4 24.8 30.8 13:03 18.7 06:30 0.0 6.5 0.0 2.6 19.3 14:25 SSE
5 23.7 27.7 12:03 21.1 05:22 0.0 5.4 2.4 5.4 33.8 12:29 W
6 25.1 29.8 16:05 18.8 05:58 0.0 6.8 0.0 9.4 35.4 11:55 NNE
7 26.8 31.4 15:11 21.3 05:29 0.0 8.5 0.0 10.3 40.2 16:47 NNE
8 24.2 30.4 16:35 17.6 05:31 0.0 5.9 0.0 3.6 22.5 13:04 SSE
9 23.5 31.3 16:57 15.9 06:23 0.4 5.6 0.0 2.5 19.3 19:07 SSE
10 21.5 28.9 15:23 16.9 04:36 0.2 3.4 14.2 1.8 33.8 10:00 E
11 23.2 28.3 16:39 17.4 01:09 0.1 5.0 0.0 8.2 45.1 04:36 N
12 20.9 27.7 16:51 11.9 06:33 1.3 3.9 0.0 2.8 22.5 14:01 SE
13 22.2 30.7 16:02 14.0 07:01 1.0 4.8 0.0 2.2 19.3 13:23 SW
14 23.5 31.1 15:21 15.2 06:32 0.5 5.7 0.0 1.9 19.3 15:54 SSE
15 22.9 31.0 14:38 15.3 06:30 0.5 5.1 0.0 2.3 22.5 17:36 SE
16 22.2 29.3 11:48 14.9 06:26 0.7 4.6 0.0 2.4 22.5 13:57 SSE
17 22.4 27.7 16:02 17.0 06:48 0.1 4.2 0.0 1.7 22.5 16:33 S
18 23.0 28.3 14:56 18.7 05:06 0.0 4.7 0.0 2.5 22.5 13:17 S
19 23.1 28.1 16:44 20.4 04:06 0.0 4.8 59.0 2.1 24.1 03:36 S
20 24.1 31.6 16:16 18.2 06:32 0.0 5.8 0.2 1.4 14.5 11:18 SSE
21 23.4 28.9 13:53 18.4 06:38 0.0 5.1 0.0 2.5 24.1 14:33 SSE
22 24.4 31.2 16:31 17.3 07:25 0.0 6.1 0.0 5.0 25.7 12:05 N
23 22.4 30.7 15:18 13.9 07:21 0.8 4.9 0.0 2.9 19.3 16:45 SSE
24 24.8 33.6 15:14 15.2 04:35 0.6 7.2 0.0 4.9 27.4 11:34 NNE
25 25.6 29.6 19:14 19.0 07:28 0.0 7.3 0.0 4.0 29.0 04:29 ESE
26 23.9 30.8 17:48 15.6 06:57 0.4 6.0 0.0 1.7 19.3 13:10 SSE
27 24.3 32.5 14:54 16.5 06:18 0.2 6.3 0.0 1.6 17.7 13:46 SE
28 22.6 29.8 16:22 15.1 06:31 0.7 5.0 0.0 2.0 20.9 13:54 SE
29 23.2 29.7 11:59 16.4 06:39 0.3 5.2 0.0 1.9 20.9 13:36 SSW
30 24.3 29.4 12:36 19.6 04:04 0.0 6.0 0.0 2.7 30.6 18:41 NNE
31 24.9 33.1 15:05 19.5 23:59 0.0 6.6 0.0 2.3 27.4 18:06 SW
----------------------------------------------------------------------------------
23.7 33.6 24 11.9 12 7.8 176.1 75.8 3.3 45.1 11 ESE
Max >= 27.0: 31
Max <= 0.0: 0
Min <= 0.0: 0
Min <= -18.0: 0
Max Rain: 59.0 on day 19
Days of Rain: 4 (>= 0.2 mm) 3 (>= 2.0 mm) 1 (>= 20.0 mm)
Heat Base: 18.3 Cool Base: 18.3 Method: Integration