Select a Year or Month report
Report for 2016 Jul
Monthly Climatological Summary for Jul 2016
Name: Meteo Sarzana City: Sarzana State: Italy
Elevation: 21 m Lat: N 44� 06' 04" Lon: E 009� 59' 08"
Temperature (�C), Rain (mm), Wind Speed (km/h)
Heat Cool Avg
Mean Deg Deg Wind Dom
Day Temp High Time Low Time Days Days Rain Speed High Time Dir
----------------------------------------------------------------------------------
1 24.0 31.5 14:31 16.9 06:25 0.1 5.9 0.0 2.3 17.7 15:20 SSE
2 23.6 29.4 12:39 17.2 05:55 0.1 5.4 0.0 2.4 19.3 13:35 SSE
3 24.4 28.3 13:36 19.0 23:57 0.0 6.1 0.0 3.2 24.1 14:43 SSE
4 25.3 33.7 16:37 16.1 05:52 0.4 7.4 0.0 3.4 20.9 20:38 W
5 26.5 32.9 14:49 19.4 06:18 0.0 8.3 0.0 2.4 19.3 12:48 SSW
6 26.8 32.7 16:29 21.5 06:13 0.0 8.5 0.0 2.3 20.9 15:16 SE
7 26.6 33.7 16:48 19.8 05:42 0.0 8.3 0.0 2.3 17.7 14:23 SSE
8 24.8 31.9 15:54 19.2 05:41 0.0 6.5 0.0 2.0 16.1 15:27 SSW
9 25.0 30.1 14:50 18.8 06:03 0.0 6.7 0.0 2.3 19.3 13:09 SSE
10 26.6 33.8 15:51 19.3 05:59 0.0 8.3 0.0 1.8 20.9 16:11 SSE
11 26.4 34.1 14:43 18.0 06:10 0.0 8.1 0.0 2.0 17.7 15:15 SSE
12 25.5 31.8 14:37 18.6 05:41 0.0 7.2 0.0 2.7 24.1 13:46 SSE
13 24.4 28.2 12:48 21.6 03:52 0.0 6.1 0.0 6.8 37.0 14:27 SSE
14 21.9 28.3 12:13 14.6 06:50 0.3 3.8 0.0 7.1 38.6 21:39 W
15 22.1 27.2 17:07 15.9 23:55 0.1 4.0 0.0 9.2 56.3 05:06 NNE
16 20.5 27.3 11:27 12.8 06:06 1.5 3.7 0.0 3.5 22.5 13:56 SSW
17 20.2 27.2 14:00 11.9 06:07 1.6 3.5 0.0 2.5 19.3 13:17 S
18 21.9 29.3 14:18 14.4 06:09 0.9 4.5 0.0 2.3 22.5 15:11 SE
19 22.6 29.9 13:31 14.5 06:15 0.8 5.0 0.0 2.3 17.7 12:30 SE
20 23.6 30.1 12:42 16.9 06:21 0.1 5.5 0.0 2.6 22.5 16:08 SE
21 22.9 30.2 13:31 16.8 05:58 0.2 4.9 0.0 2.1 20.9 15:00 SE
22 23.7 32.5 17:12 15.6 06:03 0.5 5.9 0.0 1.7 16.1 14:17 S
23 25.1 31.8 16:12 20.6 02:06 0.0 6.8 0.0 3.2 22.5 23:32 NNW
24 26.0 34.3 16:35 21.6 23:46 0.0 7.7 0.0 4.5 51.5 17:46 WSW
25 24.5 30.3 16:44 18.7 04:41 0.0 6.2 0.0 3.4 24.1 18:10 SSE
26 25.8 33.9 15:50 19.2 06:05 0.0 7.5 0.0 2.6 27.4 15:55 ESE
27 25.9 32.8 16:30 19.4 06:23 0.0 7.6 0.0 2.5 29.0 15:28 SE
28 26.0 32.7 15:12 19.6 06:36 0.0 7.7 0.0 3.4 20.9 15:47 SW
29 24.5 30.7 16:00 17.5 06:25 0.1 6.3 0.0 2.5 20.9 13:19 SSE
30 24.1 30.2 15:26 17.4 05:44 0.1 5.9 0.0 2.5 22.5 12:58 S
31 24.8 31.6 16:12 19.3 05:08 0.0 6.5 0.0 2.4 24.1 12:07 SSE
----------------------------------------------------------------------------------
24.4 34.3 24 11.9 17 6.8 195.8 0.0 3.1 56.3 15 S
Max >= 27.0: 31
Max <= 0.0: 0
Min <= 0.0: 0
Min <= -18.0: 0
Max Rain: 0.0 on day 0
Days of Rain: 0 (>= 0.2 mm) 0 (>= 2.0 mm) 0 (>= 20.0 mm)
Heat Base: 18.3 Cool Base: 18.3 Method: Integration