Select a Year or Month report
Report for 2016 Jun
Monthly Climatological Summary for Jun 2016
Name: Meteo Sarzana City: Sarzana State: Italy
Elevation: 21 m Lat: N 44� 06' 04" Lon: E 009� 59' 08"
Temperature (�C), Rain (mm), Wind Speed (km/h)
Heat Cool Avg
Mean Deg Deg Wind Dom
Day Temp High Time Low Time Days Days Rain Speed High Time Dir
----------------------------------------------------------------------------------
1 15.8 17.0 09:31 14.9 22:43 2.5 0.0 44.6 2.1 20.9 01:18 SE
2 17.4 21.6 16:31 14.1 06:16 1.6 0.7 6.6 3.1 24.1 16:45 S
3 16.3 17.7 19:16 15.2 07:19 2.0 0.0 24.2 1.5 19.3 13:00 SE
4 17.4 22.0 16:22 15.3 00:00 1.5 0.6 3.4 0.8 12.9 14:15 S
5 18.9 24.3 14:02 13.3 03:20 1.5 2.1 0.0 2.1 20.9 15:57 SSE
6 19.1 25.2 14:41 13.7 06:18 1.3 2.1 0.0 1.8 17.7 13:59 S
7 20.6 26.2 14:00 13.7 05:59 1.2 3.4 0.0 2.1 19.3 14:08 SE
8 20.6 26.8 16:39 15.6 05:32 0.6 2.9 0.0 2.3 25.7 12:54 SSE
9 19.9 25.4 14:28 16.2 06:10 0.4 2.0 0.6 1.6 19.3 12:32 SSE
10 21.0 26.3 17:34 14.1 06:22 0.8 3.5 0.0 3.1 22.5 11:51 SSE
11 19.6 24.3 11:55 14.6 05:10 0.9 2.1 0.0 3.5 29.0 11:58 SSE
12 19.9 24.2 15:53 15.8 10:55 0.2 1.8 4.8 2.8 32.2 10:06 SSW
13 20.2 25.8 10:59 16.2 06:24 0.4 2.4 0.0 2.4 22.5 13:12 SSE
14 19.6 23.4 12:38 16.8 06:46 0.3 1.6 45.6 4.4 35.4 06:39 SSE
15 19.9 22.6 17:57 17.7 16:01 0.0 1.6 0.8 5.1 30.6 10:41 SSE
16 23.7 29.4 13:19 17.6 00:25 0.0 5.5 4.4 4.0 37.0 23:38 SSE
17 19.9 23.5 16:42 14.4 23:56 0.4 2.0 0.6 5.4 35.4 11:01 S
18 19.1 25.3 14:59 12.7 05:37 1.6 2.4 0.0 2.8 24.1 13:41 SSW
19 17.7 23.3 18:14 15.6 06:07 1.3 0.7 1.0 4.5 37.0 13:13 N
20 19.6 26.6 16:04 12.3 05:17 1.7 3.0 0.2 2.5 20.9 11:45 SE
21 21.4 28.9 14:16 13.8 05:26 1.3 4.4 0.0 1.9 17.7 14:53 SE
22 22.9 30.2 11:42 16.2 01:56 0.5 5.1 0.0 2.5 20.9 12:32 SE
23 25.0 31.7 11:53 16.8 06:21 0.1 6.9 0.0 2.6 24.1 12:34 SE
24 26.3 34.7 14:44 18.7 05:44 0.0 8.0 0.0 1.8 17.7 16:12 SSE
25 24.3 29.5 13:37 20.1 05:17 0.0 6.0 0.0 2.7 19.3 13:37 SE
26 23.7 29.6 13:59 18.2 06:04 0.0 5.4 0.0 3.4 22.5 12:49 SSE
27 22.6 25.9 12:35 18.3 06:13 0.0 4.3 0.0 2.9 27.4 12:02 SSE
28 23.3 30.4 14:02 15.9 06:12 0.4 5.4 0.0 2.1 19.3 14:23 SSE
29 23.1 29.5 13:25 16.2 05:49 0.3 5.1 0.0 2.2 20.9 15:18 SE
30 22.9 29.7 15:45 16.4 05:30 0.3 4.9 0.0 2.5 20.9 14:22 SSE
----------------------------------------------------------------------------------
20.7 34.7 24 12.3 20 23.1 95.9 136.8 2.7 37.0 16 SSE
Max >= 27.0: 10
Max <= 0.0: 0
Min <= 0.0: 0
Min <= -18.0: 0
Max Rain: 45.6 on day 14
Days of Rain: 12 (>= 0.2 mm) 7 (>= 2.0 mm) 3 (>= 20.0 mm)
Heat Base: 18.3 Cool Base: 18.3 Method: Integration