Select a Year or Month report
Report for 2016 May
Monthly Climatological Summary for May 2016
Name: Meteo Sarzana City: Sarzana State: Italy
Elevation: 21 m Lat: N 44� 06' 04" Lon: E 009� 59' 08"
Temperature (�C), Rain (mm), Wind Speed (km/h)
Heat Cool Avg
Mean Deg Deg Wind Dom
Day Temp High Time Low Time Days Days Rain Speed High Time Dir
----------------------------------------------------------------------------------
1 14.0 19.4 16:39 9.4 06:05 4.3 0.0 3.0 4.2 25.7 17:12 NW
2 15.6 19.9 15:14 11.0 05:49 2.8 0.2 0.0 8.8 43.5 15:21 N
3 16.9 22.5 11:26 10.2 05:58 2.5 1.1 0.0 5.3 25.7 00:22 ESE
4 16.4 23.8 11:38 9.0 06:27 3.4 1.5 0.0 3.9 29.0 13:39 SE
5 15.6 23.5 16:40 6.6 05:42 4.0 1.3 0.0 4.5 30.6 19:54 NNE
6 16.9 24.3 14:42 7.8 06:32 3.2 1.8 0.0 2.8 24.1 15:14 SSE
7 17.0 25.3 15:56 8.3 06:40 3.4 2.1 0.0 2.4 20.9 14:18 S
8 17.0 23.7 12:55 10.2 04:10 2.7 1.4 0.0 2.3 24.1 14:03 SE
9 18.0 24.1 14:58 14.2 06:33 1.6 1.3 0.0 2.9 22.5 15:22 SW
10 18.2 22.6 11:54 14.9 06:42 1.2 1.2 0.2 3.9 35.4 12:03 S
11 17.1 19.3 13:31 15.8 01:37 1.2 0.1 11.8 1.9 24.1 13:37 SSW
12 15.8 18.5 14:28 13.4 06:50 2.5 0.0 2.0 6.7 38.6 15:45 SW
13 16.3 17.7 14:33 15.0 23:10 2.0 0.0 14.2 6.4 32.2 10:55 SSW
14 17.1 22.8 14:53 13.6 03:24 1.9 0.7 1.4 2.0 24.1 03:21 S
15 17.0 21.4 17:07 12.7 06:48 1.9 0.6 1.2 2.5 25.7 13:34 SW
16 16.4 21.6 12:57 11.4 06:08 2.6 0.7 0.4 2.6 25.7 13:46 SSE
17 16.4 22.4 15:54 9.8 06:36 3.1 1.2 0.0 3.4 24.1 13:32 SW
18 15.9 22.4 14:34 8.4 06:07 3.5 1.1 0.0 2.8 22.5 15:22 S
19 14.3 18.4 13:07 11.2 15:48 4.0 0.0 33.2 7.1 51.5 11:52 SW
20 18.3 25.8 15:38 11.4 02:31 2.3 2.3 0.0 4.9 30.6 13:06 NNE
21 18.1 26.2 15:08 9.3 06:30 2.9 2.7 0.0 2.5 20.9 12:29 SE
22 17.5 25.4 16:48 8.7 06:03 3.2 2.4 0.0 2.4 20.9 14:34 SE
23 15.6 19.2 16:53 11.7 04:59 2.7 0.0 3.6 7.0 40.2 14:11 SSW
24 15.7 21.4 13:45 9.0 04:57 3.2 0.6 0.0 3.6 29.0 11:17 SSW
25 17.1 22.5 16:26 12.0 02:33 2.3 1.1 0.0 2.4 25.7 12:52 S
26 17.6 24.7 13:53 10.0 05:55 2.7 2.0 0.0 1.9 19.3 15:15 SSE
27 20.1 27.6 12:52 12.2 06:16 1.8 3.6 0.0 2.0 24.1 13:47 SSE
28 20.2 28.8 14:20 12.4 06:04 1.7 3.5 0.0 2.2 17.7 15:00 SE
29 16.7 21.5 13:30 15.1 03:37 1.7 0.1 24.2 3.2 46.7 14:16 SW
30 18.3 20.8 12:49 17.2 00:00 0.4 0.4 0.0 7.7 37.0 13:53 SSW
31 18.1 20.4 16:06 16.3 23:58 0.4 0.3 3.6 5.5 27.4 11:13 SSW
----------------------------------------------------------------------------------
16.9 28.8 28 6.6 5 77.1 35.3 98.8 3.9 51.5 19 S
Max >= 27.0: 2
Max <= 0.0: 0
Min <= 0.0: 0
Min <= -18.0: 0
Max Rain: 33.2 on day 19
Days of Rain: 12 (>= 0.2 mm) 8 (>= 2.0 mm) 2 (>= 20.0 mm)
Heat Base: 18.3 Cool Base: 18.3 Method: Integration