Select a Year or Month report
Report for 2016 Apr
Monthly Climatological Summary for Apr 2016
Name: Meteo Sarzana City: Sarzana State: Italy
Elevation: 21 m Lat: N 44� 06' 04" Lon: E 009� 59' 08"
Temperature (�C), Rain (mm), Wind Speed (km/h)
Heat Cool Avg
Mean Deg Deg Wind Dom
Day Temp High Time Low Time Days Days Rain Speed High Time Dir
----------------------------------------------------------------------------------
1 15.5 21.6 15:32 10.6 07:12 3.3 0.4 0.0 2.4 32.2 02:23 W
2 18.1 25.7 14:12 11.1 01:40 2.1 1.9 0.0 4.9 33.8 09:09 NNE
3 16.1 23.8 13:28 10.3 07:35 3.4 1.2 0.0 2.5 19.3 15:28 SSE
4 15.4 20.8 11:25 10.9 07:37 3.3 0.4 0.0 3.2 27.4 16:40 S
5 15.3 23.2 13:16 9.7 07:17 4.0 1.0 0.0 2.5 25.7 14:40 S
6 16.6 25.9 12:15 8.7 06:18 4.0 2.3 0.0 1.9 19.3 14:45 SE
7 15.8 26.0 16:19 7.8 06:50 4.2 1.6 0.0 2.4 20.9 17:21 SE
8 14.4 18.3 15:26 11.8 01:44 3.9 0.0 0.0 2.6 20.9 15:46 SSE
9 10.8 15.1 10:46 6.4 07:06 7.5 0.0 0.2 2.7 35.4 11:26 WSW
10 12.3 19.3 13:07 6.0 07:29 6.0 0.0 0.2 2.7 27.4 15:48 S
11 12.9 20.6 15:33 5.3 07:20 5.7 0.3 0.0 2.7 22.5 13:32 SSE
12 14.4 19.6 16:26 8.7 02:52 4.0 0.1 0.0 3.6 27.4 13:03 SSE
13 15.4 21.4 16:40 9.9 07:03 3.5 0.6 0.0 2.9 22.5 12:33 SSE
14 15.6 20.4 10:56 11.3 23:27 2.8 0.1 0.2 4.5 27.4 12:32 SSE
15 14.9 20.2 14:50 8.6 06:40 3.7 0.3 0.0 3.0 27.4 15:29 SSE
16 16.0 19.6 15:19 9.5 07:16 2.4 0.1 0.0 6.1 35.4 13:09 SSE
17 16.9 19.3 14:57 15.9 07:03 1.4 0.0 0.0 7.5 30.6 08:56 SSE
18 17.0 19.9 15:57 14.1 21:26 1.6 0.3 0.0 5.9 30.6 10:08 SSE
19 15.9 23.3 15:50 10.5 05:51 3.2 0.8 0.0 6.5 33.8 08:24 N
20 15.6 23.1 13:24 6.9 06:38 4.1 1.4 0.0 2.1 20.9 14:33 S
21 16.2 23.9 12:56 8.7 06:56 3.2 1.1 0.0 2.9 22.5 16:36 SE
22 15.3 19.9 17:03 12.8 02:36 3.1 0.1 3.4 2.2 20.9 17:09 S
23 13.0 14.2 18:06 11.6 23:16 5.3 0.0 32.0 0.8 14.5 09:21 S
24 13.9 19.7 13:01 10.7 22:21 4.4 0.1 10.0 3.1 25.7 13:27 S
25 12.2 17.6 15:52 5.8 07:18 6.1 0.0 0.2 9.0 48.3 04:17 WNW
26 11.4 16.1 13:28 6.0 02:05 6.9 0.0 1.4 6.8 38.6 23:20 SSW
27 14.1 16.2 12:55 9.9 23:00 4.2 0.0 0.0 9.7 48.3 01:00 SSW
28 13.4 18.5 16:12 8.6 04:04 4.9 0.0 0.0 3.1 25.7 14:57 SSE
29 14.1 21.2 15:38 6.4 06:55 4.9 0.7 0.0 2.3 19.3 14:38 S
30 13.9 22.4 14:51 5.7 06:42 5.2 0.8 3.0 2.9 24.1 13:19 S
----------------------------------------------------------------------------------
14.7 26.0 7 5.3 11 122.3 15.6 50.6 3.9 48.3 25 S
Max >= 27.0: 0
Max <= 0.0: 0
Min <= 0.0: 0
Min <= -18.0: 0
Max Rain: 32.0 on day 23
Days of Rain: 9 (>= 0.2 mm) 4 (>= 2.0 mm) 1 (>= 20.0 mm)
Heat Base: 18.3 Cool Base: 18.3 Method: Integration