Select a Year or Month report
Report for 2015 Nov
Monthly Climatological Summary for Nov 2015
Name: Meteo Sarzana City: Sarzana State: Italy
Elevation: 21 m Lat: N 44� 06' 04" Lon: E 009� 59' 08"
Temperature (�C), Rain (mm), Wind Speed (km/h)
Heat Cool Avg
Mean Deg Deg Wind Dom
Day Temp High Time Low Time Days Days Rain Speed High Time Dir
----------------------------------------------------------------------------------
1 14.4 18.9 14:03 7.8 23:31 3.9 0.0 0.0 4.5 24.1 00:59 N
2 10.7 20.0 13:22 4.7 03:49 7.6 0.1 0.0 2.0 17.7 12:01 SE
3 12.4 19.8 12:48 5.9 07:08 6.0 0.1 2.2 0.9 14.5 10:28 WSW
4 15.3 20.2 13:31 12.9 06:10 3.2 0.2 0.2 1.2 14.5 14:53 SW
5 14.7 20.9 12:56 10.4 23:43 3.8 0.2 0.2 1.3 17.7 13:30 SSE
6 13.0 20.4 14:54 8.6 07:29 5.5 0.2 0.2 1.0 14.5 13:57 WSW
7 12.4 20.1 12:34 7.2 06:57 6.0 0.1 0.2 0.7 12.9 14:51 SSE
8 12.3 19.3 13:20 6.7 07:19 6.1 0.1 0.4 0.6 11.3 11:43 S
9 14.0 19.6 14:40 10.4 02:40 4.3 0.0 0.0 1.4 17.7 09:55 W
10 15.6 19.1 15:30 13.3 05:50 2.8 0.0 0.0 0.9 11.3 07:27 WSW
11 15.4 18.1 13:55 13.9 07:26 2.9 0.0 0.0 1.3 11.3 10:19 SW
12 12.9 18.6 12:27 8.2 07:34 5.4 0.0 0.0 0.8 11.3 13:13 S
13 13.2 17.5 11:42 8.7 02:22 5.1 0.0 0.0 0.9 11.3 09:08 SW
14 14.5 19.0 11:27 11.1 23:57 3.9 0.0 0.0 1.3 17.7 12:59 SSE
15 12.8 16.9 14:38 9.4 03:45 5.5 0.0 0.2 0.2 8.0 13:26 WSW
16 14.8 19.0 13:36 12.5 19:00 3.5 0.0 0.0 1.8 16.1 08:16 NNW
17 14.7 17.5 13:51 13.2 07:09 3.6 0.0 0.0 0.7 11.3 02:06 SW
18 15.2 19.3 13:05 12.3 08:16 3.1 0.0 0.0 0.9 14.5 13:54 SSW
19 14.8 17.3 13:40 12.7 23:51 3.5 0.0 0.0 0.4 9.7 05:59 SW
20 15.2 17.9 19:30 12.2 08:13 3.1 0.0 0.2 3.1 29.0 21:56 SE
21 15.0 18.1 01:29 7.8 23:22 3.3 0.0 3.2 8.7 43.5 06:49 SE
22 7.3 13.9 13:31 2.8 22:36 11.0 0.0 1.8 3.9 35.4 01:32 N
23 7.2 12.2 13:08 1.8 03:20 11.1 0.0 0.0 7.5 40.2 16:04 NNE
24 9.0 13.6 13:51 1.7 23:50 9.3 0.0 0.0 6.1 25.7 04:47 NNE
25 4.7 7.7 15:20 1.2 00:28 13.6 0.0 0.6 1.6 16.1 12:01 WSW
26 8.7 12.8 11:59 2.8 04:51 9.6 0.0 0.0 7.4 41.8 10:22 N
27 9.6 14.6 11:19 0.8 23:52 8.7 0.0 0.0 5.7 35.4 06:43 NNE
28 4.0 11.0 14:08 -0.8 03:52 14.3 0.0 0.0 1.0 12.9 09:23 WNW
29 7.3 14.8 14:10 2.2 00:05 11.0 0.0 0.0 0.8 8.0 09:26 W
30 8.2 12.9 13:24 2.3 05:46 10.1 0.0 0.2 1.1 11.3 11:17 WSW
----------------------------------------------------------------------------------
12.0 20.9 5 -0.8 28 190.8 1.0 9.6 2.3 43.5 21 NNE
Max >= 27.0: 0
Max <= 0.0: 0
Min <= 0.0: 1
Min <= -18.0: 0
Max Rain: 3.2 on day 21
Days of Rain: 12 (>= 0.2 mm) 2 (>= 2.0 mm) 0 (>= 20.0 mm)
Heat Base: 18.3 Cool Base: 18.3 Method: Integration