Select a Year or Month report
Report for 2015 Sep
Monthly Climatological Summary for Sep 2015
Name: Meteo Sarzana City: Sarzana State: Italy
Elevation: 21 m Lat: N 44� 06' 04" Lon: E 009� 59' 08"
Temperature (�C), Rain (mm), Wind Speed (km/h)
Heat Cool Avg
Mean Deg Deg Wind Dom
Day Temp High Time Low Time Days Days Rain Speed High Time Dir
----------------------------------------------------------------------------------
1 21.6 28.8 15:27 14.5 06:13 0.9 4.2 0.0 1.3 16.1 18:01 SSE
2 21.6 27.4 14:32 17.3 23:55 0.1 3.4 0.4 2.3 25.7 13:32 S
3 21.2 26.4 15:34 17.2 04:38 0.2 3.1 0.0 1.3 19.3 15:24 S
4 21.4 26.2 11:59 17.1 07:14 0.1 3.2 0.0 1.7 25.7 13:49 SSE
5 20.4 25.3 12:24 17.1 21:39 0.3 2.4 0.0 2.9 30.6 14:01 SSW
6 18.9 25.6 12:38 12.7 06:49 1.7 2.3 0.0 2.6 20.9 14:03 WSW
7 19.1 26.2 15:07 12.0 05:15 1.9 2.7 0.0 3.0 22.5 16:00 WSW
8 18.9 26.2 14:20 11.4 07:11 1.8 2.4 0.0 2.7 22.5 15:19 WSW
9 19.3 26.1 17:13 11.7 05:17 1.9 2.9 0.0 3.6 25.7 17:32 WNW
10 19.1 25.2 13:51 12.6 05:44 1.4 2.2 0.0 3.0 24.1 00:31 WSW
11 18.6 24.9 12:59 13.4 03:44 1.7 2.0 1.0 1.9 19.3 13:35 SW
12 19.6 25.9 14:58 12.9 07:09 1.3 2.6 0.0 1.5 19.3 15:12 SSW
13 18.2 23.1 23:52 14.9 05:05 0.9 0.8 18.6 1.6 41.8 12:40 WSW
14 24.0 25.8 12:46 22.6 04:27 0.0 5.7 3.6 7.5 46.7 05:41 SSE
15 21.2 24.9 13:27 17.3 08:01 0.1 2.9 0.0 1.5 20.9 00:05 SSW
16 22.1 26.8 13:26 17.1 04:02 0.2 4.0 0.0 2.0 25.7 12:07 SSE
17 24.9 27.4 16:00 22.0 23:59 0.0 6.6 0.0 5.0 48.3 13:20 SSE
18 22.1 25.6 14:42 15.2 23:48 0.2 4.1 0.0 2.8 22.5 13:01 SSW
19 18.1 24.8 13:06 12.4 07:25 1.9 1.7 0.0 1.2 20.9 13:13 SSE
20 19.5 26.2 15:42 13.2 05:58 1.4 2.6 0.0 5.1 37.0 11:43 N
21 18.4 25.8 14:52 11.4 07:05 2.1 2.2 0.0 1.5 17.7 13:46 SW
22 17.7 23.9 13:04 11.6 06:51 2.1 1.6 0.0 1.5 22.5 14:48 SSE
23 19.5 21.8 12:34 16.3 21:29 0.3 1.5 1.8 7.6 38.6 11:41 SSW
24 18.1 22.1 12:56 14.3 06:46 1.1 0.9 0.0 7.8 35.4 15:38 N
25 17.8 23.9 12:20 11.8 07:19 2.1 1.6 0.0 1.7 17.7 13:58 SSE
26 17.7 25.0 15:27 11.6 06:53 2.4 1.8 0.0 0.8 17.7 13:57 SSW
27 18.8 24.5 15:40 14.7 07:30 1.1 1.6 0.0 3.6 35.4 21:08 NNE
28 19.2 22.8 13:03 15.3 04:09 0.3 1.2 0.0 8.7 41.8 22:02 NNE
29 18.5 21.6 14:17 16.4 23:50 0.6 0.7 0.0 14.7 40.2 09:54 NNE
30 17.7 21.8 14:58 14.7 01:27 1.2 0.7 0.0 12.7 41.8 18:23 NNE
----------------------------------------------------------------------------------
19.8 28.8 1 11.4 8 31.3 75.6 25.4 3.8 48.3 17 ENE
Max >= 27.0: 3
Max <= 0.0: 0
Min <= 0.0: 0
Min <= -18.0: 0
Max Rain: 18.6 on day 13
Days of Rain: 5 (>= 0.2 mm) 2 (>= 2.0 mm) 0 (>= 20.0 mm)
Heat Base: 18.3 Cool Base: 18.3 Method: Integration