Select a Year or Month report
Report for 2015 Aug
Monthly Climatological Summary for Aug 2015
Name: Meteo Sarzana City: Sarzana State: Italy
Elevation: 21 m Lat: N 44� 06' 04" Lon: E 009� 59' 08"
Temperature (�C), Rain (mm), Wind Speed (km/h)
Heat Cool Avg
Mean Deg Deg Wind Dom
Day Temp High Time Low Time Days Days Rain Speed High Time Dir
----------------------------------------------------------------------------------
1 25.2 28.9 12:23 20.4 23:53 0.0 6.9 0.0 2.2 20.9 02:20 WSW
2 23.7 29.0 16:22 18.1 06:35 0.0 5.4 0.0 2.0 20.9 12:29 S
3 25.0 32.5 16:55 17.9 06:20 0.0 6.7 0.0 1.9 20.9 12:49 SE
4 25.1 30.8 14:30 18.7 06:19 0.0 6.8 0.0 2.2 24.1 13:10 SE
5 26.8 34.4 14:53 19.3 06:19 0.0 8.4 0.0 1.0 20.9 14:25 SSE
6 28.3 35.8 17:54 20.7 06:46 0.0 10.0 0.0 1.1 19.3 13:35 SSE
7 29.1 37.1 12:34 19.4 06:47 0.0 10.8 0.0 2.7 25.7 13:27 SW
8 29.2 36.7 14:48 20.3 06:17 0.0 10.9 0.0 1.5 22.5 13:02 SSW
9 27.7 34.3 16:23 21.8 06:45 0.0 9.4 0.4 3.0 37.0 17:15 SSE
10 22.9 25.7 11:31 18.7 13:27 0.0 4.6 46.2 2.3 45.1 13:18 NW
11 24.3 30.4 16:07 18.1 05:57 0.0 6.0 0.0 1.9 24.1 09:40 SSE
12 26.0 33.3 11:24 19.2 06:52 0.0 7.7 0.0 2.5 24.1 14:10 SSE
13 26.3 34.3 15:48 18.7 06:33 0.0 8.0 0.0 1.0 16.1 16:03 SSW
14 24.0 28.9 14:12 19.5 06:03 0.0 5.8 0.0 0.8 16.1 13:30 SSE
15 22.8 27.6 14:06 18.9 06:22 0.0 4.5 0.8 2.7 25.7 13:05 SSW
16 20.8 26.4 15:16 16.5 23:59 0.3 2.8 46.0 3.0 22.5 04:25 SW
17 20.2 26.3 14:42 14.2 06:17 1.1 3.0 0.0 2.5 32.2 14:30 S
18 21.9 26.2 15:48 17.2 05:14 0.1 3.7 0.2 1.9 24.1 12:16 S
19 21.0 26.7 14:45 16.9 23:56 0.1 2.8 1.0 2.1 20.9 15:56 W
20 21.1 27.5 15:59 14.7 06:12 0.9 3.7 0.0 1.1 16.1 14:26 SSE
21 20.9 27.9 13:36 15.7 06:14 0.5 3.1 0.0 1.2 17.7 12:52 WSW
22 20.8 27.9 16:48 13.6 06:47 0.9 3.4 0.0 1.3 17.7 13:35 S
23 20.2 25.3 13:03 14.4 06:31 0.9 2.8 0.0 1.3 20.9 16:00 WSW
24 22.4 27.5 16:47 18.6 05:09 0.0 4.1 74.6 2.7 85.3 03:29 SSW
25 22.9 26.4 13:53 16.4 23:55 0.1 4.7 8.4 2.9 29.0 03:56 S
26 20.9 29.5 17:42 13.1 07:00 1.3 3.9 0.0 1.0 16.1 13:29 SSE
27 23.1 31.2 16:16 16.1 06:44 0.4 5.2 0.0 1.1 20.9 15:21 SW
28 22.8 30.8 15:22 15.7 07:10 0.4 5.0 0.0 0.9 14.5 14:28 S
29 24.2 33.5 16:35 16.1 06:42 0.4 6.2 0.0 1.1 14.5 13:15 S
30 23.2 30.3 15:00 17.4 07:04 0.1 5.0 0.0 1.3 17.7 13:28 SE
31 22.6 31.9 14:49 15.4 06:21 0.7 4.9 0.0 0.6 14.5 16:08 SSE
----------------------------------------------------------------------------------
23.7 37.1 7 13.1 26 8.2 176.2 177.6 1.8 85.3 24 S
Max >= 27.0: 24
Max <= 0.0: 0
Min <= 0.0: 0
Min <= -18.0: 0
Max Rain: 74.6 on day 24
Days of Rain: 8 (>= 0.2 mm) 4 (>= 2.0 mm) 3 (>= 20.0 mm)
Heat Base: 18.3 Cool Base: 18.3 Method: Integration