Select a Year or Month report
Report for 2015 May
Monthly Climatological Summary for May 2015
Name: Meteo Sarzana City: Sarzana State: Italy
Elevation: 21 m Lat: N 44� 06' 04" Lon: E 009� 59' 08"
Temperature (�C), Rain (mm), Wind Speed (km/h)
Heat Cool Avg
Mean Deg Deg Wind Dom
Day Temp High Time Low Time Days Days Rain Speed High Time Dir
----------------------------------------------------------------------------------
1 14.2 15.8 11:36 10.8 05:12 4.1 0.0 7.2 2.6 27.4 11:57 SSE
2 15.7 18.7 16:17 12.6 00:21 2.6 0.0 3.8 1.6 20.9 11:43 SE
3 16.8 20.6 15:55 13.4 23:52 1.7 0.2 0.4 1.4 14.5 11:53 SSE
4 17.6 24.5 13:51 12.3 02:46 2.1 1.5 0.4 1.4 19.3 16:31 S
5 18.9 26.4 13:03 12.6 04:15 1.9 2.4 0.0 2.3 24.1 15:31 S
6 17.5 22.2 11:30 13.1 03:50 1.9 1.1 0.0 2.2 17.7 12:36 SE
7 17.4 21.1 12:38 13.1 01:44 1.6 0.7 0.0 2.6 20.9 11:17 SSE
8 17.3 21.3 15:05 13.0 23:54 1.4 0.4 0.0 2.5 20.9 16:58 SE
9 16.9 22.7 14:10 11.4 06:32 2.4 1.0 0.0 2.3 19.3 13:40 SE
10 19.3 27.3 15:10 11.0 05:53 2.2 3.2 0.0 2.0 22.5 12:09 SE
11 19.1 27.1 14:17 11.7 06:08 2.0 2.8 0.0 2.0 19.3 14:59 SE
12 19.1 26.4 16:35 11.1 06:19 2.3 3.0 0.0 2.1 20.9 13:22 SE
13 17.2 22.7 13:07 11.0 05:16 2.5 1.4 0.0 2.1 22.5 13:18 SSE
14 17.4 23.9 15:58 11.1 05:27 2.3 1.4 0.0 1.2 20.9 16:35 SW
15 17.1 19.3 15:31 13.1 22:36 1.3 0.1 21.6 2.9 24.1 17:25 SSW
16 16.3 21.5 18:31 10.1 06:12 2.7 0.7 1.2 1.3 17.7 15:15 SSE
17 23.0 29.9 15:47 12.8 00:59 0.7 5.4 0.0 5.0 29.0 13:43 N
18 21.1 27.9 13:35 13.7 06:14 0.9 3.7 0.0 2.3 19.3 17:59 SSW
19 18.5 22.6 11:30 14.3 02:23 1.2 1.4 0.0 2.9 24.1 12:11 SSE
20 18.1 21.3 15:35 14.7 00:45 0.7 0.4 0.0 4.2 29.0 08:18 S
21 16.9 20.7 14:45 14.5 20:50 1.6 0.2 0.0 7.6 40.2 18:36 SSE
22 16.1 19.2 13:01 12.9 03:36 2.3 0.1 0.0 9.5 51.5 08:55 N
23 15.6 18.4 11:28 13.2 23:31 2.7 0.0 0.0 2.9 22.5 00:08 ENE
24 16.9 22.0 16:27 11.9 04:12 2.3 0.8 0.0 2.9 22.5 11:29 SE
25 16.4 22.6 12:58 9.6 06:19 3.0 1.1 0.0 1.9 19.3 11:02 SSE
26 16.2 21.8 13:03 10.8 03:03 2.7 0.6 0.8 1.6 19.3 10:25 W
27 18.6 23.1 15:46 12.7 23:52 1.2 1.5 0.2 4.6 25.7 06:43 NNE
28 16.7 23.1 13:53 9.9 06:03 3.0 1.4 0.0 2.0 24.1 12:59 S
29 16.7 23.2 14:48 8.9 05:41 3.2 1.5 0.0 2.3 20.9 15:56 SSW
30 17.6 23.0 13:00 11.9 06:23 2.2 1.5 0.0 2.3 20.9 10:10 S
31 19.2 25.1 17:03 13.1 06:05 1.5 2.4 0.0 2.1 19.3 11:33 S
----------------------------------------------------------------------------------
17.6 29.9 17 8.9 29 64.2 41.9 35.6 2.8 51.5 22 SSE
Max >= 27.0: 4
Max <= 0.0: 0
Min <= 0.0: 0
Min <= -18.0: 0
Max Rain: 21.6 on day 15
Days of Rain: 8 (>= 0.2 mm) 3 (>= 2.0 mm) 1 (>= 20.0 mm)
Heat Base: 18.3 Cool Base: 18.3 Method: Integration