Select a Year or Month report
Report for 2015 Apr
Monthly Climatological Summary for Apr 2015
Name: Meteo Sarzana City: Sarzana State: Italy
Elevation: 21 m Lat: N 44� 06' 04" Lon: E 009� 59' 08"
Temperature (�C), Rain (mm), Wind Speed (km/h)
Heat Cool Avg
Mean Deg Deg Wind Dom
Day Temp High Time Low Time Days Days Rain Speed High Time Dir
----------------------------------------------------------------------------------
1 14.9 21.3 15:01 6.3 06:25 4.1 0.7 0.0 6.9 32.2 09:44 N
2 12.8 18.6 14:39 5.3 07:30 5.5 0.0 0.0 4.4 30.6 03:14 SW
3 11.5 18.4 15:37 4.2 05:39 6.8 0.0 0.0 2.0 24.1 13:05 SSW
4 10.7 12.8 06:48 9.8 09:47 7.6 0.0 33.0 3.4 33.8 09:31 NNW
5 11.7 15.1 15:48 8.2 23:32 6.6 0.0 0.0 10.8 41.8 15:27 NNE
6 10.0 15.8 16:28 2.9 07:15 8.3 0.0 0.0 6.2 32.2 12:43 N
7 10.0 15.9 16:08 2.3 03:00 8.3 0.0 0.0 6.5 37.0 12:41 NNE
8 8.7 16.9 14:59 -0.2 06:40 9.6 0.0 0.0 2.7 19.3 11:35 SE
9 10.6 18.2 15:44 3.3 06:30 7.7 0.0 0.0 2.6 20.9 16:28 SE
10 10.8 17.3 15:28 4.1 05:58 7.5 0.0 0.0 2.6 22.5 15:56 SE
11 11.1 16.5 17:07 6.2 02:36 7.2 0.0 0.0 2.1 24.1 12:34 SSE
12 12.8 20.9 15:56 5.0 05:22 5.9 0.4 0.0 1.9 20.9 15:23 SE
13 13.1 19.4 14:25 7.0 07:01 5.2 0.1 0.0 3.0 22.5 14:34 SE
14 13.2 19.0 13:57 7.2 06:31 5.1 0.0 0.0 2.5 20.9 13:38 SE
15 14.7 20.4 13:04 10.0 23:59 3.7 0.1 0.0 3.2 24.1 14:54 SE
16 13.1 18.6 12:23 7.3 05:41 5.2 0.0 0.0 2.3 16.1 13:12 SSE
17 14.3 16.4 17:20 12.1 07:11 4.0 0.0 2.2 2.2 27.4 15:55 SE
18 15.2 17.9 17:08 13.7 09:20 3.1 0.0 2.8 3.1 38.6 23:17 E
19 14.0 18.5 12:44 9.7 22:06 4.3 0.0 0.2 5.8 33.8 02:03 NNE
20 12.3 20.8 16:14 3.1 06:32 6.3 0.3 0.0 2.4 16.1 11:26 S
21 13.5 22.0 16:58 4.5 06:38 5.6 0.8 0.0 2.8 22.5 15:21 SE
22 13.2 20.6 14:00 5.7 06:23 5.4 0.3 0.0 3.3 27.4 14:18 SE
23 13.9 19.8 13:36 7.9 02:43 4.5 0.1 0.0 2.9 22.5 13:37 SSE
24 15.4 20.3 14:50 10.2 05:41 3.4 0.4 0.0 2.2 20.9 15:50 S
25 13.5 18.6 12:06 7.8 06:29 4.8 0.0 0.0 1.5 17.7 16:31 SSE
26 15.1 19.3 13:08 10.7 02:03 3.2 0.0 0.2 1.7 20.9 14:26 S
27 14.6 16.7 14:58 12.1 23:42 3.7 0.0 23.2 3.3 32.2 16:06 SE
28 14.8 18.3 15:54 11.9 05:26 3.5 0.0 0.4 2.4 19.3 17:01 WSW
29 15.8 20.5 16:38 10.6 05:47 2.9 0.4 0.0 2.7 20.9 13:44 S
30 14.6 17.8 15:55 11.1 06:19 3.7 0.0 1.4 2.6 22.5 13:08 S
----------------------------------------------------------------------------------
13.0 22.0 21 -0.2 8 162.7 3.6 63.4 3.4 41.8 5 ESE
Max >= 27.0: 0
Max <= 0.0: 0
Min <= 0.0: 1
Min <= -18.0: 0
Max Rain: 33.0 on day 4
Days of Rain: 8 (>= 0.2 mm) 4 (>= 2.0 mm) 2 (>= 20.0 mm)
Heat Base: 18.3 Cool Base: 18.3 Method: Integration