Select a Year or Month report
Report for 2015 Feb
Monthly Climatological Summary for Feb 2015
Name: Meteo Sarzana City: Sarzana State: Italy
Elevation: 21 m Lat: N 44� 06' 04" Lon: E 009� 59' 08"
Temperature (�C), Rain (mm), Wind Speed (km/h)
Heat Cool Avg
Mean Deg Deg Wind Dom
Day Temp High Time Low Time Days Days Rain Speed High Time Dir
----------------------------------------------------------------------------------
1 4.4 10.8 13:09 -0.2 23:54 13.9 0.0 0.0 1.6 17.7 13:51 SSW
2 2.8 10.8 12:43 -1.7 07:42 15.5 0.0 0.2 1.6 27.4 16:07 NW
3 4.4 7.4 23:56 1.2 00:16 13.9 0.0 10.8 3.7 33.8 23:28 NNE
4 9.3 11.9 12:04 7.3 00:17 9.0 0.0 0.0 7.4 40.2 05:02 NNE
5 6.8 10.4 01:56 4.9 09:44 11.5 0.0 18.2 13.1 48.3 10:23 NNE
6 7.8 10.1 14:56 6.1 00:28 10.5 0.0 0.0 14.1 53.1 16:04 NNE
7 7.3 11.0 14:00 0.8 23:54 11.0 0.0 0.0 9.6 48.3 07:05 NNE
8 5.1 11.8 13:44 -2.0 06:14 13.2 0.0 0.0 3.2 41.8 20:32 NNE
9 3.9 9.8 16:01 -2.3 08:06 14.4 0.0 0.0 2.4 22.5 15:19 WSW
10 5.2 13.4 15:07 -0.8 05:22 13.1 0.0 0.0 0.7 16.1 12:27 SSE
11 6.6 16.8 14:15 0.1 07:00 11.7 0.0 0.0 0.4 12.9 15:48 SSW
12 6.6 16.0 13:26 0.4 07:27 11.7 0.0 0.0 1.0 16.1 13:58 SSE
13 7.1 14.1 14:07 0.7 05:49 11.2 0.0 0.0 1.1 17.7 13:42 S
14 8.5 10.5 16:28 6.8 00:05 9.8 0.0 30.2 1.3 20.9 13:22 SSE
15 9.3 13.3 13:41 6.6 01:49 9.0 0.0 15.0 2.6 30.6 06:07 ESE
16 11.7 13.8 11:45 8.6 00:26 6.6 0.0 0.2 12.5 40.2 13:57 NNE
17 13.3 17.7 14:33 9.5 23:38 5.0 0.0 0.0 7.3 30.6 12:40 N
18 9.1 14.9 13:19 1.7 23:43 9.2 0.0 0.0 4.1 30.6 16:59 ENE
19 4.1 12.3 15:35 -2.3 06:34 14.2 0.0 0.0 1.2 16.1 14:25 SE
20 4.7 12.8 13:55 -2.3 06:39 13.6 0.0 0.0 1.4 17.7 14:11 SSE
21 8.1 12.3 12:33 4.6 01:10 10.2 0.0 9.6 3.3 32.2 12:23 SE
22 9.9 14.4 14:56 6.2 04:09 8.4 0.0 4.4 7.5 37.0 13:46 NNW
23 8.0 14.6 13:49 2.3 07:24 10.3 0.0 0.0 1.4 17.7 13:25 SE
24 7.8 9.6 23:55 4.7 00:07 10.5 0.0 5.2 6.2 43.5 21:44 N
25 11.2 13.9 11:15 9.3 00:08 7.1 0.0 0.0 9.8 61.2 05:02 N
26 11.3 13.6 09:52 8.7 23:13 7.0 0.0 0.0 7.2 30.6 02:41 NNE
27 9.0 14.6 12:32 3.6 07:09 9.3 0.0 0.0 2.6 19.3 16:38 SW
28 7.9 13.9 14:09 2.4 04:40 10.4 0.0 0.0 1.2 16.1 12:46 NW
----------------------------------------------------------------------------------
7.5 17.7 17 -2.3 9 301.2 0.0 93.8 4.6 61.2 25 NNE
Max >= 27.0: 0
Max <= 0.0: 0
Min <= 0.0: 7
Min <= -18.0: 0
Max Rain: 30.2 on day 14
Days of Rain: 9 (>= 0.2 mm) 7 (>= 2.0 mm) 1 (>= 20.0 mm)
Heat Base: 18.3 Cool Base: 18.3 Method: Integration