Select a Year or Month report
Report for 2014 Nov
Monthly Climatological Summary for Nov 2014
Name: Meteo Sarzana City: Sarzana State: Italy
Elevation: 29 m Lat: N 44� 06' 04" Lon: E 009� 59' 08"
Temperature (�C), Rain (mm), Wind Speed (km/h)
Heat Cool Avg
Mean Deg Deg Wind Dom
Day Temp High Time Low Time Days Days Rain Speed High Time Dir
----------------------------------------------------------------------------------
1 12.4 22.0 12:34 5.6 07:19 6.4 0.5 0.0 0.5 9.7 10:08 SSE
2 12.1 21.0 13:08 6.0 06:06 6.4 0.2 0.3 1.0 13.3 14:31 SSE
3 15.1 19.9 14:30 9.6 04:23 3.4 0.2 0.3 3.3 30.6 23:49 SE
4 19.2 21.0 14:46 16.2 06:05 0.2 1.1 1.8 10.1 51.5 23:37 SE
5 16.1 20.7 01:35 13.4 23:36 2.4 0.2 98.1 5.2 68.4 12:51 SE
6 13.4 14.3 12:50 12.7 23:49 4.9 0.0 10.5 1.2 9.7 19:08 W
7 14.7 19.3 15:35 11.8 23:52 3.6 0.1 2.1 2.5 17.3 13:56 WSW
8 14.2 20.4 12:40 9.5 07:04 4.2 0.2 0.0 1.1 12.2 11:23 SSE
9 14.3 20.3 12:57 9.7 06:46 4.2 0.2 4.2 1.7 14.8 10:37 SSW
10 16.3 19.4 13:06 14.3 07:51 2.1 0.1 39.6 3.9 30.6 10:43 SSE
11 15.2 17.9 15:18 13.8 05:09 3.1 0.0 15.6 1.8 18.4 00:43 SW
12 14.8 16.8 15:01 13.5 23:16 3.5 0.0 4.2 1.0 11.2 12:16 WSW
13 14.8 20.0 12:27 10.9 23:59 3.7 0.2 0.0 2.0 20.9 12:36 SW
14 13.1 18.8 15:40 10.2 03:27 5.2 0.0 0.3 1.1 13.3 11:40 SW
15 16.2 18.3 12:26 12.5 00:00 2.1 0.0 18.3 8.7 70.9 17:28 SSE
16 16.2 19.4 13:07 10.9 22:47 2.2 0.1 0.0 9.6 43.9 02:57 SSW
17 11.2 12.6 07:00 9.5 23:45 7.1 0.0 32.7 2.5 28.1 20:54 SW
18 12.2 17.3 13:08 7.8 07:42 6.1 0.0 6.6 2.9 27.0 12:09 S
19 10.7 18.6 14:05 5.9 07:05 7.6 0.0 0.3 1.6 14.8 00:48 SSW
20 9.4 18.2 13:30 4.4 06:48 8.9 0.0 0.3 1.3 14.8 14:04 SSW
21 11.4 16.0 14:53 7.3 00:04 6.9 0.0 0.0 0.8 13.3 21:45 SW
22 12.0 14.7 13:20 8.2 05:27 6.3 0.0 0.9 1.3 11.2 10:41 SW
23 14.1 19.0 15:12 10.6 22:59 4.3 0.0 0.0 0.8 11.2 12:47 SW
24 13.3 17.7 13:20 10.3 07:26 5.0 0.0 0.0 1.2 14.8 13:04 SW
25 14.6 17.2 14:33 12.3 03:55 3.7 0.0 16.5 1.1 11.2 00:00 SW
26 14.9 16.0 15:49 13.2 23:13 3.4 0.0 17.4 0.8 14.8 12:13 SSE
27 13.7 16.9 12:32 12.1 21:01 4.6 0.0 16.2 1.6 20.9 22:37 S
28 13.9 15.5 23:46 13.0 01:22 4.4 0.0 18.9 3.3 25.6 10:29 WNW
29 15.5 18.7 12:48 13.2 07:21 2.8 0.0 0.3 3.7 19.4 00:29 SW
30 16.0 17.8 17:28 14.6 00:26 2.3 0.0 1.8 4.5 29.5 01:31 WSW
----------------------------------------------------------------------------------
14.0 22.0 1 4.4 20 131.0 3.1 307.2 2.7 70.9 15 S
Max >= 27.0: 0
Max <= 0.0: 0
Min <= 0.0: 0
Min <= -18.0: 0
Max Rain: 98.1 on day 5
Days of Rain: 23 (>= 0.2 mm) 14 (>= 2.0 mm) 3 (>= 20.0 mm)
Heat Base: 18.3 Cool Base: 18.3 Method: Integration