Select a Year or Month report
Report for 2014 Sep
Monthly Climatological Summary for Sep 2014
Name: Meteo Sarzana City: Sarzana State: Italy
Elevation: 29 m Lat: N 44� 06' 04" Lon: E 009� 59' 08"
Temperature (�C), Rain (mm), Wind Speed (km/h)
Heat Cool Avg
Mean Deg Deg Wind Dom
Day Temp High Time Low Time Days Days Rain Speed High Time Dir
----------------------------------------------------------------------------------
1 21.9 26.9 15:45 16.3 07:27 0.2 3.8 8.1 6.8 51.5 13:44 NNW
2 21.3 27.9 13:13 13.2 04:42 1.2 4.2 0.0 6.7 30.6 12:55 N
3 22.3 26.2 16:08 18.5 02:07 0.0 4.0 0.0 5.8 27.0 07:51 N
4 21.4 26.0 11:48 15.2 07:07 0.6 3.7 0.0 5.8 36.7 13:46 N
5 22.5 27.8 13:43 16.8 06:27 0.2 4.4 0.3 3.7 23.4 13:59 ENE
6 21.8 27.5 14:39 17.2 06:20 0.1 3.6 0.0 2.5 20.9 16:57 SE
7 21.6 28.4 14:39 15.8 07:03 0.4 3.7 0.0 2.1 19.4 13:21 SSE
8 21.5 28.3 15:11 16.0 06:53 0.5 3.6 0.0 1.8 18.4 16:41 SE
9 21.5 26.9 15:07 16.1 06:20 0.5 3.8 0.0 2.1 24.5 14:01 SSE
10 20.6 23.7 17:06 17.9 23:25 0.0 2.3 11.7 1.1 14.8 17:23 S
11 20.1 24.9 14:16 16.4 23:52 0.3 2.1 7.2 2.9 22.0 16:10 SSE
12 19.1 23.7 14:30 16.1 01:48 0.7 1.5 7.8 3.8 39.2 05:34 WSW
13 19.0 24.7 12:48 13.7 07:01 1.4 2.1 0.0 2.8 25.6 15:12 SSW
14 19.8 25.6 14:21 13.7 06:57 1.2 2.7 0.0 1.9 18.4 13:34 SSE
15 19.3 24.9 13:57 13.8 06:52 1.1 2.1 0.0 1.8 17.3 16:24 S
16 21.1 27.3 15:16 16.3 04:51 0.5 3.3 0.0 1.7 17.3 12:03 SSE
17 20.8 27.2 14:41 15.9 05:45 0.6 3.1 0.0 1.8 18.4 14:53 S
18 21.2 27.3 13:17 16.9 02:29 0.2 3.1 0.3 2.5 22.0 14:11 S
19 20.7 23.7 14:24 19.0 01:38 0.0 2.4 9.6 3.1 22.0 18:15 SW
20 22.9 26.7 16:21 20.0 23:54 0.0 4.6 0.9 2.8 22.0 12:07 SSE
21 21.4 25.6 12:09 18.2 06:06 0.0 3.1 0.0 2.3 22.0 13:45 SE
22 21.8 26.5 13:12 17.2 07:29 0.1 3.6 0.0 2.7 23.4 15:43 S
23 19.5 25.3 12:40 13.6 07:25 1.2 2.4 0.0 4.5 47.9 01:56 NW
24 16.3 22.9 14:44 10.5 07:01 3.1 1.1 0.0 1.8 18.4 12:18 SSW
25 19.0 25.0 13:50 14.9 07:55 1.2 1.9 0.0 2.1 18.4 15:20 S
26 18.0 24.5 13:16 11.1 07:33 2.2 1.9 0.0 2.5 17.3 11:04 SSW
27 18.3 26.0 16:50 12.0 06:53 2.3 2.3 0.0 1.6 15.8 12:56 SSE
28 19.0 27.8 16:00 11.7 07:32 2.2 2.9 0.0 1.7 17.3 13:05 S
29 18.9 25.9 14:01 12.4 07:40 1.8 2.4 0.0 1.9 15.8 14:48 SSE
30 18.6 25.5 13:24 12.5 07:23 1.8 2.2 0.0 1.6 20.9 13:00 S
----------------------------------------------------------------------------------
20.4 28.4 7 10.5 24 25.6 87.9 45.9 2.9 51.5 1 S
Max >= 27.0: 9
Max <= 0.0: 0
Min <= 0.0: 0
Min <= -18.0: 0
Max Rain: 11.7 on day 10
Days of Rain: 8 (>= 0.2 mm) 5 (>= 2.0 mm) 0 (>= 20.0 mm)
Heat Base: 18.3 Cool Base: 18.3 Method: Integration