Select a Year or Month report
Report for 2014 Aug
Monthly Climatological Summary for Aug 2014
Name: Meteo Sarzana City: Sarzana State: Italy
Elevation: 29 m Lat: N 44� 06' 04" Lon: E 009� 59' 08"
Temperature (�C), Rain (mm), Wind Speed (km/h)
Heat Cool Avg
Mean Deg Deg Wind Dom
Day Temp High Time Low Time Days Days Rain Speed High Time Dir
----------------------------------------------------------------------------------
1 22.6 26.9 14:05 17.4 04:37 0.1 4.4 0.0 2.6 23.4 13:45 SE
2 22.8 28.0 13:49 17.4 06:07 0.1 4.6 0.0 2.1 19.4 15:53 SE
3 22.3 26.8 17:21 18.3 02:49 0.0 4.0 6.0 2.4 22.0 12:52 S
4 22.9 28.2 12:32 17.9 04:40 0.0 4.6 0.0 2.5 20.9 13:40 S
5 24.0 28.3 18:49 19.4 06:03 0.0 5.7 0.0 2.7 20.9 13:33 SSE
6 23.5 29.3 12:57 17.4 06:24 0.1 5.3 0.0 2.3 19.4 13:57 SSE
7 23.4 29.6 15:25 17.3 06:05 0.1 5.2 0.0 2.1 17.3 10:08 SSE
8 23.4 29.8 14:53 17.2 05:19 0.1 5.2 0.0 2.5 18.4 16:11 SE
9 23.3 28.5 16:20 18.0 04:18 0.0 5.0 0.0 2.5 20.9 14:49 SSE
10 24.0 29.0 13:04 18.7 06:56 0.0 5.7 0.0 2.6 20.9 14:15 SSE
11 23.6 28.7 15:22 17.7 06:27 0.0 5.3 0.0 2.9 25.6 13:38 SSE
12 25.2 29.1 15:32 21.8 02:07 0.0 6.9 0.0 3.9 30.6 12:53 SSE
13 23.0 26.0 09:34 19.3 23:50 0.0 4.7 10.8 4.5 33.1 09:50 SSE
14 21.1 26.2 12:29 17.0 23:57 0.2 3.0 0.0 4.7 43.9 14:41 S
15 20.6 24.9 13:57 15.9 06:34 0.6 2.8 0.0 4.5 35.6 12:04 SSE
16 21.0 26.0 14:21 16.1 06:31 0.3 3.0 1.5 2.3 18.4 13:57 SE
17 19.3 26.5 13:03 11.6 06:45 1.9 2.9 0.0 3.1 23.4 14:13 SSW
18 18.9 24.8 17:04 12.0 05:52 1.9 2.6 0.0 2.4 25.6 12:37 SE
19 21.6 25.9 12:52 16.5 03:20 0.3 3.6 2.7 3.3 31.7 15:00 SE
20 22.7 26.8 14:35 18.5 05:53 0.0 4.4 0.3 2.7 22.0 13:49 SSE
21 21.6 25.2 11:46 16.3 23:49 0.1 3.5 0.0 3.7 28.1 10:20 S
22 20.3 25.7 12:24 14.1 06:46 1.1 3.1 0.0 2.7 28.1 12:08 SSE
23 20.2 24.4 15:41 17.8 22:41 0.0 2.0 5.1 1.6 17.3 14:29 S
24 20.7 25.5 12:02 16.5 07:03 0.3 2.7 0.0 3.1 30.6 13:28 SE
25 20.4 25.6 15:57 15.2 06:45 0.6 2.7 0.0 2.6 29.5 15:58 SSE
26 20.5 24.9 15:06 16.2 03:32 0.5 2.7 4.2 3.3 23.4 15:08 SE
27 23.3 25.7 14:43 20.5 22:45 0.0 5.0 3.9 5.2 29.5 04:15 SE
28 24.4 29.6 15:03 17.6 06:53 0.0 6.2 0.0 3.6 30.6 21:02 W
29 23.2 30.7 13:50 17.0 06:30 0.2 5.0 0.0 3.0 22.0 12:03 SSW
30 22.4 27.7 13:33 17.2 03:59 0.2 4.2 0.0 2.1 19.4 14:23 SE
31 22.2 27.4 15:55 16.9 07:02 0.2 4.1 0.0 2.0 22.0 15:04 SE
----------------------------------------------------------------------------------
22.2 30.7 29 11.6 17 8.9 130.1 34.5 3.0 43.9 14 SSE
Max >= 27.0: 14
Max <= 0.0: 0
Min <= 0.0: 0
Min <= -18.0: 0
Max Rain: 10.8 on day 13
Days of Rain: 8 (>= 0.2 mm) 6 (>= 2.0 mm) 0 (>= 20.0 mm)
Heat Base: 18.3 Cool Base: 18.3 Method: Integration