Select a Year or Month report
Report for 2014 Apr
Monthly Climatological Summary for Apr 2014
Name: Meteo Sarzana City: Sarzana State: Italy
Elevation: 29 m Lat: N 44� 06' 04" Lon: E 009� 59' 08"
Temperature (�C), Rain (mm), Wind Speed (km/h)
Heat Cool Avg
Mean Deg Deg Wind Dom
Day Temp High Time Low Time Days Days Rain Speed High Time Dir
----------------------------------------------------------------------------------
1 11.5 17.3 16:51 5.2 06:06 6.8 0.0 0.0 2.7 27.0 15:29 SSE
2 13.4 17.9 14:43 7.8 07:23 4.9 0.0 0.0 2.5 23.4 14:14 SSE
3 14.6 20.3 17:20 9.2 05:53 3.9 0.2 0.0 2.0 24.5 23:48 SW
4 15.3 18.5 06:49 12.2 20:16 3.0 0.0 6.0 6.9 45.4 07:44 NNW
5 15.2 18.6 13:13 11.1 06:14 3.1 0.0 0.0 6.4 50.0 15:12 N
6 15.4 22.4 14:02 10.5 23:59 3.4 0.5 0.0 3.1 29.5 14:57 S
7 15.4 24.2 15:25 7.5 06:39 4.4 1.5 0.0 2.5 24.5 13:23 SE
8 13.6 18.0 11:40 9.0 04:48 4.7 0.0 0.6 2.9 24.5 13:33 SE
9 15.0 19.9 15:07 10.5 07:26 3.5 0.2 0.0 2.3 20.9 14:27 SE
10 14.2 20.2 14:31 7.5 06:50 4.4 0.3 0.0 3.3 24.5 13:54 ESE
11 14.5 19.1 12:30 10.5 05:37 3.8 0.0 0.0 3.3 27.0 15:16 S
12 14.0 19.9 13:19 7.6 06:24 4.4 0.2 0.0 2.8 24.5 14:35 S
13 14.6 19.9 14:33 10.4 06:42 3.7 0.1 0.0 2.0 19.4 13:35 SSE
14 14.4 20.7 13:36 8.3 06:04 4.2 0.3 0.0 3.1 24.5 14:13 S
15 15.2 19.9 11:36 8.5 23:59 3.2 0.1 0.0 5.8 62.3 14:46 N
16 12.0 18.7 16:09 5.8 02:48 6.3 0.0 0.0 5.3 42.8 16:32 NNW
17 11.1 18.7 16:04 2.8 05:25 7.2 0.0 0.0 2.8 29.5 13:16 ESE
18 12.2 18.1 13:34 4.6 06:54 6.1 0.0 0.0 3.3 24.5 12:08 SSW
19 12.5 16.6 17:41 9.5 23:58 5.8 0.0 12.6 2.9 29.5 10:14 W
20 13.1 19.3 12:37 6.7 07:07 5.2 0.0 0.3 1.9 27.0 13:02 SSE
21 13.2 16.6 13:13 11.4 03:11 5.1 0.0 2.4 1.6 15.8 13:32 WSW
22 15.6 21.0 15:32 12.1 00:00 3.2 0.5 0.3 1.8 23.4 14:13 S
23 16.2 22.6 16:56 9.6 06:46 3.2 1.2 0.0 2.9 25.6 13:11 ESE
24 15.8 20.3 12:51 9.6 06:39 2.9 0.3 0.0 3.4 25.6 14:19 ESE
25 17.2 22.4 16:53 12.5 04:43 1.8 0.8 0.0 3.1 18.4 11:29 SE
26 16.7 22.7 16:16 11.0 06:49 2.4 0.9 0.0 3.5 25.6 14:35 ESE
27 13.9 16.1 00:00 12.4 23:45 4.4 0.0 11.7 1.5 13.3 12:54 NW
28 13.2 15.2 12:51 11.7 05:14 5.1 0.0 3.6 1.3 13.3 16:03 SSW
29 14.1 18.1 18:30 9.0 06:46 4.2 0.0 0.3 2.9 19.4 02:55 ESE
30 14.0 18.2 17:11 10.5 23:30 4.3 0.0 8.1 3.9 41.8 16:17 SSE
----------------------------------------------------------------------------------
14.2 24.2 7 2.8 17 128.6 7.1 45.9 3.1 62.3 15 SE
Max >= 27.0: 0
Max <= 0.0: 0
Min <= 0.0: 0
Min <= -18.0: 0
Max Rain: 12.6 on day 19
Days of Rain: 10 (>= 0.2 mm) 6 (>= 2.0 mm) 0 (>= 20.0 mm)
Heat Base: 18.3 Cool Base: 18.3 Method: Integration