Select a Year or Month report
Report for 2013 Nov
Monthly Climatological Summary for Nov 2013
Name: Meteo Sarzana City: Sarzana State: Italy
Elevation: 29 m Lat: N 44� 06' 04" Lon: E 009� 59' 08"
Temperature (�C), Rain (mm), Wind Speed (km/h)
Heat Cool Avg
Mean Deg Deg Wind Dom
Day Temp High Time Low Time Days Days Rain Speed High Time Dir
----------------------------------------------------------------------------------
1 15.4 23.0 13:39 10.0 07:15 3.6 0.7 0.0 0.9 13.3 13:53 SSW
2 17.7 20.8 13:34 14.5 01:00 0.9 0.3 1.8 2.9 24.5 08:49 SSE
3 19.6 21.3 12:38 17.1 23:43 0.0 1.3 10.5 9.3 66.2 12:03 S
4 15.4 17.9 08:50 12.9 16:23 2.9 0.0 27.9 4.9 40.3 08:35 S
5 13.9 19.6 12:48 10.0 21:59 4.5 0.1 0.9 2.7 27.0 14:17 SW
6 13.2 21.9 14:38 8.1 05:30 5.5 0.4 0.3 1.4 17.3 15:09 SSW
7 16.1 20.2 15:40 12.8 00:00 2.5 0.2 0.0 1.3 14.8 13:32 S
8 17.0 19.1 20:33 14.1 07:24 1.5 0.2 1.5 2.1 19.4 23:28 SE
9 18.3 20.2 11:14 15.5 18:07 0.4 0.4 4.5 6.4 51.5 21:32 SSE
10 15.4 17.1 00:28 11.2 19:27 2.9 0.0 2.7 8.3 51.5 01:58 SW
11 15.8 17.7 13:36 13.7 07:27 2.5 0.0 0.3 15.5 62.3 23:22 NNW
12 17.2 21.2 12:53 14.2 21:43 1.6 0.5 0.3 11.3 74.5 02:59 NNW
13 17.5 23.2 13:36 11.6 04:05 1.6 0.7 0.0 4.1 29.5 16:36 NNW
14 14.6 18.3 00:30 12.2 06:30 3.8 0.0 0.0 1.0 18.4 03:49 SW
15 12.9 15.8 14:21 8.8 07:04 5.4 0.0 3.3 4.3 43.9 23:59 NNW
16 15.9 19.9 11:46 12.6 23:37 2.6 0.2 0.0 9.1 52.6 01:48 N
17 13.3 16.8 14:51 8.8 05:55 5.0 0.0 0.0 5.2 23.4 10:53 NW
18 14.8 17.1 13:35 12.4 04:07 3.5 0.0 0.0 7.6 41.8 20:34 N
19 13.2 17.5 13:26 10.8 18:37 5.1 0.0 4.5 3.4 31.7 21:46 W
20 11.0 14.4 12:28 7.8 04:39 7.3 0.0 11.4 8.2 47.9 22:18 SSW
21 8.1 11.3 00:00 4.9 21:16 10.2 0.0 34.5 7.4 56.2 14:35 SSE
22 9.0 11.1 14:08 4.1 07:41 9.3 0.0 1.5 6.2 37.8 22:41 N
23 9.3 11.4 04:18 7.4 21:55 9.0 0.0 0.6 6.4 33.1 00:48 NNW
24 10.9 14.2 14:23 6.7 00:57 7.4 0.0 0.0 7.8 35.6 07:36 NNW
25 8.5 14.6 11:46 2.7 07:12 9.8 0.0 0.0 7.1 54.0 12:26 N
26 5.3 10.2 13:11 -1.1 23:47 13.0 0.0 0.0 6.6 29.5 07:01 NNW
27 4.7 9.0 14:24 -1.8 01:55 13.6 0.0 0.0 8.7 55.1 11:33 N
28 7.1 12.6 14:28 0.4 23:44 11.2 0.0 0.0 5.0 28.1 18:53 NNW
29 3.3 13.3 14:44 -2.6 07:25 15.0 0.0 0.0 1.0 12.2 10:08 SSW
30 6.2 10.9 14:12 0.8 00:34 12.1 0.0 0.0 5.3 35.6 17:35 NNW
----------------------------------------------------------------------------------
12.7 23.2 13 -2.6 29 173.7 5.0 106.5 5.7 74.5 12 NNW
Max >= 27.0: 0
Max <= 0.0: 0
Min <= 0.0: 3
Min <= -18.0: 0
Max Rain: 34.5 on day 21
Days of Rain: 16 (>= 0.2 mm) 8 (>= 2.0 mm) 2 (>= 20.0 mm)
Heat Base: 18.3 Cool Base: 18.3 Method: Integration