Select a Year or Month report
Report for 2013 Sep
Monthly Climatological Summary for Sep 2013
Name: Meteo Sarzana City: Sarzana State: Italy
Elevation: 29 m Lat: N 44� 06' 04" Lon: E 009� 59' 08"
Temperature (�C), Rain (mm), Wind Speed (km/h)
Heat Cool Avg
Mean Deg Deg Wind Dom
Day Temp High Time Low Time Days Days Rain Speed High Time Dir
----------------------------------------------------------------------------------
1 22.3 29.6 14:43 15.1 06:42 0.6 4.5 0.0 2.8 20.9 15:17 SSW
2 22.5 29.9 14:28 15.9 05:27 0.5 4.7 0.0 2.7 23.4 13:57 SSW
3 22.2 30.5 14:38 14.1 07:01 0.7 4.7 0.0 2.5 20.9 15:58 SSE
4 23.4 32.2 16:21 15.5 06:45 0.5 5.6 0.0 2.0 17.3 12:48 SSE
5 22.5 30.2 15:59 15.3 06:38 0.6 4.8 0.0 2.8 20.9 17:56 SE
6 22.4 30.3 15:35 15.2 06:26 0.6 4.6 0.0 2.5 19.4 15:55 SE
7 22.1 29.3 14:49 15.6 06:56 0.6 4.4 0.0 2.2 20.9 13:58 SE
8 22.2 26.9 12:19 17.9 04:53 0.0 4.0 0.0 3.0 20.9 12:35 SSE
9 23.4 26.2 13:44 21.4 07:47 0.0 5.1 0.9 5.8 31.7 12:50 SSE
10 21.7 23.7 15:51 18.2 05:41 0.0 3.4 9.9 6.7 42.8 10:34 S
11 19.7 23.3 11:31 15.1 22:13 0.5 1.9 0.9 3.7 23.4 12:26 SE
12 18.7 25.0 16:19 14.2 07:56 1.5 1.9 2.1 4.0 23.4 16:34 SW
13 18.3 25.2 15:50 12.3 07:21 2.1 2.1 0.0 3.3 23.4 14:18 SSW
14 18.0 25.4 15:02 11.7 06:38 2.4 2.2 0.0 2.2 20.9 13:46 S
15 17.6 20.0 16:21 14.6 00:07 0.9 0.2 27.0 2.4 45.4 17:06 S
16 18.4 23.0 14:52 13.4 07:14 1.2 1.3 0.6 3.8 25.6 03:27 SSE
17 21.0 25.8 14:50 14.7 23:59 0.3 3.1 0.0 5.4 27.0 01:29 WSW
18 17.5 22.1 12:02 11.1 06:51 2.3 1.5 0.0 3.4 30.6 11:29 ESE
19 19.8 25.2 15:32 14.5 07:28 0.8 2.2 0.0 2.5 18.4 13:04 SE
20 19.0 27.1 15:15 12.3 06:50 1.9 2.6 0.0 2.0 20.9 14:50 SSW
21 18.6 26.0 14:05 12.2 06:43 2.0 2.3 0.0 2.0 17.3 16:34 SSE
22 19.3 25.9 15:26 12.8 07:38 1.5 2.5 0.0 1.9 20.9 14:02 SE
23 18.8 26.7 15:26 12.4 07:24 2.0 2.5 0.0 1.7 15.8 13:00 SE
24 17.3 23.8 13:59 11.3 07:39 2.6 1.7 0.0 2.1 19.4 16:35 SE
25 17.5 24.1 14:55 11.0 05:54 2.6 1.7 0.0 2.3 20.9 15:01 SSE
26 19.5 24.9 16:25 16.6 00:00 0.5 1.7 0.0 1.3 14.8 15:34 SE
27 20.0 22.7 16:50 18.1 00:00 0.0 1.8 0.0 0.9 9.7 17:17 SSE
28 21.1 25.1 13:07 18.8 05:18 0.0 2.8 0.0 1.8 17.3 13:29 SSE
29 18.5 20.5 00:00 16.8 23:56 0.4 0.5 44.1 3.6 47.9 10:05 WNW
30 17.8 22.9 16:54 14.8 23:57 1.3 0.9 0.6 1.6 14.8 14:29 S
----------------------------------------------------------------------------------
20.0 32.2 4 11.0 25 30.9 83.2 86.1 2.8 47.9 29 S
Max >= 27.0: 8
Max <= 0.0: 0
Min <= 0.0: 0
Min <= -18.0: 0
Max Rain: 44.1 on day 29
Days of Rain: 8 (>= 0.2 mm) 4 (>= 2.0 mm) 2 (>= 20.0 mm)
Heat Base: 18.3 Cool Base: 18.3 Method: Integration