Select a Year or Month report
Report for 2013 Aug
Monthly Climatological Summary for Aug 2013
Name: Meteo Sarzana City: Sarzana State: Italy
Elevation: 29 m Lat: N 44� 06' 04" Lon: E 009� 59' 08"
Temperature (�C), Rain (mm), Wind Speed (km/h)
Heat Cool Avg
Mean Deg Deg Wind Dom
Day Temp High Time Low Time Days Days Rain Speed High Time Dir
----------------------------------------------------------------------------------
1 26.1 34.6 14:46 17.1 06:31 0.1 7.9 0.0 2.4 30.6 14:26 SSW
2 26.5 35.5 15:59 17.0 06:12 0.1 8.4 0.0 2.3 19.4 14:10 S
3 25.5 33.0 17:29 17.7 05:53 0.0 7.2 0.0 2.4 22.0 15:41 ESE
4 24.9 31.8 15:38 18.3 06:36 0.0 6.6 0.0 2.9 24.5 14:19 ESE
5 24.6 31.3 16:53 17.5 06:02 0.1 6.4 0.0 2.8 23.4 13:54 SE
6 24.4 31.9 18:09 16.3 06:33 0.2 6.3 0.0 1.9 20.9 14:16 SSE
7 24.3 32.9 13:40 16.3 05:22 0.3 6.3 0.0 3.2 24.5 13:43 SSE
8 24.5 31.2 14:40 17.8 05:55 0.0 6.3 1.5 3.0 22.0 15:07 WSW
9 23.5 30.5 14:05 17.9 07:08 0.0 5.2 2.4 4.1 28.1 13:41 SW
10 24.4 30.8 13:16 17.3 05:04 0.1 6.2 0.0 4.0 28.1 14:05 SE
11 24.8 32.0 16:04 17.0 06:44 0.1 6.7 0.0 2.4 22.0 13:28 SSE
12 24.8 31.4 14:27 17.5 06:17 0.1 6.5 0.0 2.6 23.4 15:39 SSE
13 23.3 29.9 13:55 15.7 06:09 0.5 5.4 0.0 2.6 19.4 14:33 SE
14 24.0 31.3 14:15 17.0 06:03 0.1 5.9 0.0 6.4 36.7 15:57 N
15 26.3 30.2 17:18 22.2 06:19 0.0 8.0 0.0 5.7 27.0 14:31 NNE
16 24.7 30.8 18:05 16.6 06:51 0.1 6.5 0.0 3.9 22.0 14:36 S
17 23.7 31.1 15:52 15.6 06:37 0.4 5.8 0.0 2.6 22.0 16:11 SE
18 23.2 30.8 15:07 15.9 06:28 0.4 5.3 0.0 2.8 24.5 17:00 SE
19 22.9 28.4 13:12 15.9 06:35 0.4 4.9 0.0 2.7 24.5 12:23 SSE
20 25.0 29.4 16:49 19.2 06:35 0.0 6.7 0.0 8.6 39.2 13:38 N
21 25.8 30.0 16:08 21.0 05:48 0.0 7.5 0.0 5.9 34.2 09:48 NNE
22 23.1 29.6 17:26 15.8 06:36 0.4 5.1 0.0 2.5 20.9 13:20 SE
23 22.5 28.9 14:03 15.7 06:26 0.5 4.6 0.0 2.5 24.5 16:08 SE
24 22.9 28.8 14:08 16.4 06:45 0.3 4.9 0.0 2.6 23.4 15:06 SE
25 21.4 26.3 13:07 15.7 06:52 0.5 3.5 18.0 5.3 34.2 02:12 SE
26 21.8 25.8 12:33 17.1 06:57 0.1 3.5 0.3 3.9 28.1 11:06 SSE
27 20.7 26.0 11:43 15.0 07:02 0.7 3.1 0.0 3.0 24.5 15:35 S
28 21.3 26.6 13:32 16.4 06:25 0.3 3.4 0.0 2.6 20.9 14:14 SE
29 21.6 28.6 15:46 16.2 07:14 0.3 3.6 0.0 4.5 43.9 17:38 WNW
30 22.5 30.0 16:47 15.4 06:56 0.5 4.7 0.0 3.5 25.6 13:25 SSW
31 22.4 29.6 16:54 15.0 07:03 0.5 4.6 0.0 3.2 22.0 15:08 SW
----------------------------------------------------------------------------------
23.8 35.5 2 15.0 27 7.1 177.0 22.2 3.5 43.9 29 SSE
Max >= 27.0: 27
Max <= 0.0: 0
Min <= 0.0: 0
Min <= -18.0: 0
Max Rain: 18.0 on day 25
Days of Rain: 4 (>= 0.2 mm) 2 (>= 2.0 mm) 0 (>= 20.0 mm)
Heat Base: 18.3 Cool Base: 18.3 Method: Integration