Select a Year or Month report
Report for 2013 Jun
Monthly Climatological Summary for Jun 2013
Name: Meteo Sarzana City: Sarzana State: Italy
Elevation: 29 m Lat: N 44� 06' 04" Lon: E 009� 59' 08"
Temperature (�C), Rain (mm), Wind Speed (km/h)
Heat Cool Avg
Mean Deg Deg Wind Dom
Day Temp High Time Low Time Days Days Rain Speed High Time Dir
----------------------------------------------------------------------------------
1 15.7 20.8 14:52 10.3 03:54 3.0 0.5 0.0 3.7 29.5 15:11 SSW
2 16.4 21.3 12:27 11.6 04:45 2.3 0.4 0.0 2.8 22.0 12:38 SSE
3 17.3 22.3 15:33 14.6 23:56 1.5 0.5 3.0 2.3 25.6 16:16 SW
4 17.5 23.8 13:12 10.8 05:58 2.3 1.5 0.0 2.9 23.4 13:30 SE
5 17.8 23.9 15:23 11.6 06:05 2.0 1.5 0.0 2.9 24.5 19:44 ESE
6 18.5 25.4 15:56 11.5 05:32 2.2 2.4 0.0 2.8 24.5 14:55 SE
7 19.6 26.6 17:47 12.7 06:20 1.6 2.9 0.0 3.1 25.6 13:19 E
8 19.8 26.5 15:06 13.4 06:06 1.3 2.8 0.0 2.8 36.7 19:45 SE
9 16.7 22.5 10:30 13.3 23:52 2.0 0.4 10.5 2.4 23.4 22:02 SSW
10 16.4 21.2 15:50 11.5 02:35 2.5 0.7 4.8 4.2 28.1 13:30 SSW
11 17.5 23.1 12:44 10.6 05:58 2.4 1.5 0.0 3.6 27.0 17:33 S
12 19.5 25.8 15:47 12.9 05:06 1.5 2.7 0.0 2.6 22.0 15:55 ESE
13 21.6 28.3 14:30 14.2 05:22 1.0 4.3 0.0 2.7 22.0 14:34 SE
14 20.6 26.3 12:39 14.1 05:42 0.9 3.2 0.0 3.2 23.4 14:13 ESE
15 21.5 25.7 13:14 18.4 23:58 0.0 3.2 0.0 2.9 22.0 16:04 SE
16 22.2 28.6 14:29 14.8 05:42 0.6 4.5 0.0 2.5 20.9 15:54 SE
17 23.6 31.3 15:41 15.1 06:05 0.6 6.0 0.0 2.2 17.3 12:19 SE
18 25.1 33.2 13:41 17.1 05:29 0.1 6.9 0.0 2.9 23.4 16:06 SE
19 25.6 31.7 15:29 19.0 05:46 0.0 7.3 0.0 2.6 23.4 13:14 ESE
20 23.6 29.5 12:37 16.6 05:48 0.2 5.5 0.0 3.2 22.0 13:35 SE
21 22.4 26.3 15:15 17.0 23:57 0.1 4.2 0.0 3.5 24.5 14:27 SSE
22 20.3 25.6 15:32 13.8 05:28 1.0 3.0 0.0 3.7 28.1 14:06 SSE
23 20.9 24.7 15:30 16.6 02:19 0.2 2.8 0.0 3.9 25.6 14:02 S
24 20.3 24.9 13:58 14.8 23:51 0.3 2.3 1.8 5.6 30.6 16:34 S
25 18.6 25.0 14:05 11.0 06:12 2.0 2.3 0.0 3.5 23.4 16:52 SE
26 20.3 26.7 13:58 14.3 05:49 1.0 3.0 0.0 4.4 50.0 14:48 NNE
27 19.3 25.1 14:57 12.4 06:30 1.5 2.5 0.3 3.9 30.6 21:14 SW
28 19.3 23.4 15:36 15.4 04:45 0.8 1.7 0.0 10.2 39.2 03:26 NNW
29 18.7 24.4 11:30 11.8 05:41 1.6 2.0 0.0 3.5 24.5 11:51 SSW
30 19.7 27.8 16:38 11.5 06:11 2.0 3.4 0.0 2.7 20.9 13:43 SSE
----------------------------------------------------------------------------------
19.9 33.2 18 10.3 1 38.5 85.9 20.4 3.4 50.0 26 SSE
Max >= 27.0: 7
Max <= 0.0: 0
Min <= 0.0: 0
Min <= -18.0: 0
Max Rain: 10.5 on day 9
Days of Rain: 5 (>= 0.2 mm) 3 (>= 2.0 mm) 0 (>= 20.0 mm)
Heat Base: 18.3 Cool Base: 18.3 Method: Integration