Select a Year or Month report
Report for 2013 Mar
Monthly Climatological Summary for Mar 2013
Name: Meteo Sarzana City: Sarzana State: Italy
Elevation: 29 m Lat: N 44� 06' 04" Lon: E 009� 59' 08"
Temperature (�C), Rain (mm), Wind Speed (km/h)
Heat Cool Avg
Mean Deg Deg Wind Dom
Day Temp High Time Low Time Days Days Rain Speed High Time Dir
----------------------------------------------------------------------------------
1 8.6 13.6 15:27 2.6 01:07 9.7 0.0 0.0 5.1 34.2 14:17 NNW
2 11.4 16.6 13:42 2.8 23:59 6.9 0.0 0.0 6.2 40.3 11:11 NNW
3 6.5 14.8 13:18 -0.5 07:14 11.8 0.0 0.0 2.2 19.4 13:53 SE
4 7.6 17.2 13:47 0.0 06:23 10.7 0.0 0.0 2.0 19.4 14:06 SE
5 6.7 10.9 12:12 1.4 04:50 11.6 0.0 8.4 3.4 30.6 20:31 NNE
6 9.6 10.4 12:19 8.6 00:43 8.7 0.0 35.4 7.9 35.6 11:17 NNE
7 11.2 13.5 15:01 9.2 05:42 7.1 0.0 17.7 2.0 12.2 15:10 S
8 12.6 13.9 11:50 11.7 06:13 5.7 0.0 21.9 2.6 25.6 13:08 ESE
9 11.5 14.6 11:20 7.8 07:10 6.8 0.0 23.4 3.2 31.7 18:42 ESE
10 11.2 14.7 09:44 8.6 23:51 7.1 0.0 22.8 4.7 27.0 09:37 SE
11 9.3 12.3 17:08 7.8 04:14 9.0 0.0 19.5 2.7 25.6 09:28 W
12 10.2 15.3 17:01 7.7 21:15 8.1 0.0 0.3 2.3 23.4 12:11 S
13 8.5 11.4 11:14 4.1 23:10 9.8 0.0 30.6 3.4 28.1 04:14 NE
14 8.9 14.5 11:48 2.8 03:41 9.4 0.0 0.3 7.8 40.3 12:40 NNW
15 7.4 11.3 12:46 0.2 23:35 10.9 0.0 0.0 7.4 30.6 08:41 NNW
16 4.4 11.5 13:47 -2.5 05:42 13.9 0.0 0.0 2.7 23.4 14:26 SSE
17 6.6 10.4 11:35 3.7 06:07 11.7 0.0 22.5 3.2 30.6 15:06 SE
18 9.4 12.8 19:50 6.2 00:58 8.9 0.0 63.6 7.4 54.0 20:14 SSW
19 10.7 14.6 10:17 4.9 07:13 7.6 0.0 0.0 6.1 40.3 14:10 S
20 8.5 13.0 10:21 4.5 04:56 9.8 0.0 9.6 2.9 34.2 18:18 NNW
21 9.2 17.2 13:08 1.7 06:25 9.1 0.0 0.3 5.8 36.7 14:35 SW
22 8.7 13.2 16:22 3.2 01:48 9.6 0.0 0.0 1.6 13.3 13:14 S
23 10.4 15.4 13:05 4.8 06:04 7.9 0.0 6.9 2.0 20.9 11:14 SSE
24 11.2 13.0 11:37 9.6 05:52 7.1 0.0 3.0 7.4 47.9 23:37 NNW
25 11.8 15.6 15:33 9.4 23:00 6.5 0.0 0.0 8.9 51.5 10:19 NNW
26 9.9 13.2 15:16 8.2 23:55 8.4 0.0 0.0 4.9 29.5 20:09 N
27 10.1 14.6 15:12 6.5 23:38 8.2 0.0 0.0 4.5 23.4 15:24 WSW
28 9.1 10.5 20:45 6.6 00:00 9.1 0.0 26.4 3.1 25.6 21:13 SW
29 11.4 14.0 18:37 8.6 00:06 6.9 0.0 8.7 ---- 29.5 18:29 SE
30 11.6 13.6 15:22 6.7 23:56 6.7 0.0 43.5 ---- 39.2 17:30 NE
31 9.9 15.8 15:34 3.0 07:11 8.1 0.0 0.0 ---- 31.7 15:13 SE
----------------------------------------------------------------------------------
9.5 17.2 4 -2.5 16 272.8 0.0 364.8 4.5 54.0 18 NNW
Max >= 27.0: 0
Max <= 0.0: 0
Min <= 0.0: 3
Min <= -18.0: 0
Max Rain: 63.6 on day 18
Days of Rain: 19 (>= 0.2 mm) 16 (>= 2.0 mm) 9 (>= 20.0 mm)
Heat Base: 18.3 Cool Base: 18.3 Method: Integration