Select a Year or Month report
Report for 2013 Feb
Monthly Climatological Summary for Feb 2013
Name: Meteo Sarzana City: Sarzana State: Italy
Elevation: 29 m Lat: N 44� 06' 04" Lon: E 009� 59' 08"
Temperature (�C), Rain (mm), Wind Speed (km/h)
Heat Cool Avg
Mean Deg Deg Wind Dom
Day Temp High Time Low Time Days Days Rain Speed High Time Dir
----------------------------------------------------------------------------------
1 9.8 15.2 13:02 3.8 07:27 8.5 0.0 1.8 4.7 33.1 12:51 SE
2 11.2 13.6 03:03 8.5 23:07 7.1 0.0 22.2 17.4 76.0 21:36 N
3 8.9 12.4 13:40 2.6 21:20 9.4 0.0 0.0 11.9 62.3 00:15 N
4 5.6 14.0 14:29 -1.2 06:49 12.7 0.0 0.0 2.2 19.4 16:27 SW
5 7.1 12.9 23:23 2.1 03:26 11.2 0.0 0.0 2.5 43.9 22:37 S
6 9.7 13.6 12:27 2.2 22:40 8.6 0.0 0.0 6.7 49.0 03:43 SSW
7 6.8 11.7 13:29 -0.2 04:43 11.5 0.0 0.0 7.2 36.7 13:56 NNW
8 6.4 11.2 12:48 1.5 22:37 11.9 0.0 0.0 6.0 28.1 12:57 NNW
9 2.0 9.2 13:33 -2.9 07:22 16.3 0.0 0.0 3.1 30.6 16:07 S
10 1.8 8.1 14:45 -4.4 07:36 16.5 0.0 0.0 2.3 22.0 13:44 SSE
11 2.6 3.9 01:19 1.1 07:48 15.7 0.0 26.4 9.0 47.9 17:19 N
12 3.9 9.5 16:12 1.0 22:54 14.4 0.0 0.3 2.9 22.0 00:45 W
13 5.7 11.6 14:04 -0.9 04:59 12.6 0.0 0.0 7.5 45.4 14:13 NNW
14 6.1 11.6 12:22 0.1 07:43 12.2 0.0 0.0 3.1 20.9 14:08 E
15 6.1 12.7 14:51 1.5 03:14 12.2 0.0 0.0 1.6 17.3 15:21 SE
16 5.8 13.3 11:57 -0.5 07:36 12.5 0.0 0.0 2.6 20.9 16:26 ESE
17 5.9 13.4 14:28 -0.8 06:11 12.4 0.0 0.0 3.5 35.6 15:29 NE
18 7.1 12.2 12:57 1.0 23:58 11.2 0.0 0.0 7.7 29.5 14:05 NNW
19 4.1 11.6 13:00 -2.9 07:25 14.2 0.0 0.0 2.8 27.0 14:20 SSW
20 5.8 7.7 15:27 1.9 00:00 12.5 0.0 6.3 1.2 12.2 05:45 WSW
21 5.4 7.0 01:54 3.9 23:48 12.9 0.0 7.5 8.6 35.6 15:19 NNW
22 3.4 5.8 15:27 1.5 06:11 14.9 0.0 8.4 9.4 33.1 00:27 NNW
23 2.5 5.1 12:39 -0.8 06:07 15.8 0.0 10.5 9.9 61.2 16:06 NNW
24 2.7 6.4 16:12 0.7 10:10 15.6 0.0 18.9 2.7 22.0 19:37 WSW
25 4.8 9.6 15:49 0.9 06:16 13.5 0.0 0.6 3.9 33.1 16:13 NNE
26 6.4 14.2 14:09 0.5 06:17 11.9 0.0 0.0 4.3 23.4 14:22 SW
27 5.3 11.8 13:01 -1.3 06:02 13.0 0.0 0.0 3.7 30.6 13:46 NNW
28 7.0 13.6 15:03 0.0 07:15 11.3 0.0 0.0 2.0 19.4 12:34 SE
----------------------------------------------------------------------------------
5.7 15.2 1 -4.4 10 352.5 0.0 102.9 5.4 76.0 2 NNW
Max >= 27.0: 0
Max <= 0.0: 0
Min <= 0.0: 11
Min <= -18.0: 0
Max Rain: 26.4 on day 11
Days of Rain: 10 (>= 0.2 mm) 7 (>= 2.0 mm) 2 (>= 20.0 mm)
Heat Base: 18.3 Cool Base: 18.3 Method: Integration