NOAA-style Climate Reports

Select a Year or Month report

Report for 2018 Nov
                   Monthly Climatological Summary for Nov 2018

Name: Meteo Sarzana   City: Sarzana   State: Italy
Elevation: 21 m  Lat: N 44 06' 04"   Lon: E 009 59' 08"

                  Temperature (C), Rain (mm), Wind Speed (km/h)

                                      Heat  Cool        Avg
    Mean                              Deg   Deg         Wind                 Dom
Day Temp  High   Time   Low    Time   Days  Days  Rain  Speed High   Time    Dir
----------------------------------------------------------------------------------
 1  14.5  20.9   14:21  10.2   23:44   4.2   0.4  25.0   2.8  32.2   04:04   WSW
 2  13.3  16.2   12:00  10.2   00:00   5.0   0.0  11.4   2.8  25.7   23:48    NW
 3  17.9  23.1   12:11  13.2   05:45   1.6   1.2   0.0   5.4  33.8   14:17     N
 4  18.4  20.9   09:58  15.0   23:55   0.6   0.7   0.6   3.9  32.2   03:20     N
 5  16.0  21.8   14:54  11.5   07:29   2.8   0.5   0.2   1.5  14.5   10:23   WSW
 6  16.8  21.4   12:17  14.3   07:19   1.9   0.4  19.8   2.8  32.2   12:17    SE
 7  13.7  15.0   12:46  11.7   23:01   4.6   0.0  12.6   0.6  14.5   15:38     S
 8  14.3  19.2   13:34  11.6   00:46   4.1   0.1   0.6   1.2  14.5   13:38    SW
 9  14.1  20.6   12:54  10.4   07:19   4.4   0.2   0.0   1.0  14.5   13:02    SW
10  14.3  20.1   12:38   8.8   05:48   4.2   0.2   7.6   1.7  22.5   21:00   SSW
11  15.8  19.4   14:22  14.2   01:49   2.5   0.0   3.0   1.2  14.5   02:17     S
12  15.7  20.6   13:21  12.7   23:48   2.9   0.3   0.0   0.7  14.5   12:43     S
13  14.0  19.8   13:03  10.4   06:33   4.4   0.2   0.2   0.9  12.9   14:34   SSW
14  14.8  21.6   13:50  10.7   23:58   3.8   0.3   0.0   1.5  14.5   12:42    SE
15  12.6  20.5   14:10   6.8   07:17   5.9   0.1   0.0   2.3  19.3   19:32   WSW
16  11.6  16.8   12:46   6.2   07:27   6.7   0.0   0.0   7.3  43.5   20:31    NE
----------------------------------------------------------------------------------
    14.9  23.1     3     6.2    16    59.6   4.6  81.0   2.3  43.5    16     NNW

Max >=  27.0:  0
Max <=   0.0:  0
Min <=   0.0:  0
Min <= -18.0:  0
Max Rain: 25.0 on day 1
Days of Rain: 10 (>= 0.2 mm)  6 (>= 2.0 mm)  1 (>= 20.0 mm)
Heat Base: 18.3  Cool Base: 18.3  Method: Integration