NOAA-style Climate Reports

Select a Year or Month report

Report for 2019 Mar
                   Monthly Climatological Summary for Mar 2019

Name: Meteo Sarzana   City: Sarzana   State: Italy
Elevation: 21 m  Lat: N 44 06' 04"   Lon: E 009 59' 08"

                  Temperature (C), Rain (mm), Wind Speed (km/h)

                                      Heat  Cool        Avg
    Mean                              Deg   Deg         Wind                 Dom
Day Temp  High   Time   Low    Time   Days  Days  Rain  Speed High   Time    Dir
----------------------------------------------------------------------------------
 1  11.3  14.8   14:46   6.7   22:36   7.0   0.0   0.0   2.2  20.9   04:22     S
 2   9.5  17.0   15:46   4.1   05:06   8.8   0.0   0.2   2.6  17.7   12:22   SSE
 3   9.1  18.6   14:14   1.6   06:49   9.2   0.0   0.0   2.5  17.7   12:42   ESE
 4  11.3  15.3   12:58   6.6   00:00   7.0   0.0   0.4   5.2  37.0   13:52   SSE
 5  12.0  16.9   14:03   7.9   23:47   6.3   0.0   0.0   3.5  27.4   11:39   SSE
 6  11.3  17.5   13:11   5.1   07:07   7.0   0.0   0.0   2.9  24.1   23:24   SSE
 7  14.2  16.9   14:50  11.6   22:59   4.1   0.0   0.4   8.6  40.2   13:57    SE
 8  12.8  17.1   10:49   6.1   23:44   5.5   0.0   0.0   4.8  27.4   10:15     S
 9  12.0  17.1   13:08   6.1   00:00   6.3   0.0   0.0   4.4  29.0   11:37   SSE
10  11.9  14.2   23:11  10.2   05:52   6.4   0.0   2.4   2.8  24.1   21:44   ESE
11  13.6  18.1   12:28   9.9   23:39   4.7   0.0   0.0   9.7  61.2   17:45   NNW
12  10.2  16.4   12:38   3.7   06:49   8.1   0.0   0.0   7.9  46.7   01:14   NNW
13   7.8  12.9   16:42   3.7   01:44  10.5   0.0  33.2   3.9  30.6   17:53    SE
14   8.3  15.5   11:24   0.7   07:02  10.0   0.0   0.2   3.0  22.5   12:29    SE
15   9.8  17.6   14:38   2.6   06:42   8.5   0.0   0.0   3.0  27.4   12:21   SSE
16  11.1  17.8   12:00   5.2   06:42   7.2   0.0   0.0   2.5  20.9   13:38    SE
17  12.8  16.8   12:39   9.5   00:00   5.5   0.0   0.0   4.2  27.4   13:05   SSE
18  13.7  18.2   14:29  10.5   08:06   4.6   0.0   3.4   7.6  33.8   11:36   ENE
19  11.5  13.9   13:10   9.6   05:35   6.8   0.0   0.0  14.1  45.1   16:10    NE
20  12.0  14.9   15:54   9.8   06:48   6.3   0.0   0.0  16.0  48.3   14:05   NNE
21  13.8  19.8   14:49   8.2   03:49   4.6   0.1   0.0   8.7  37.0   11:07     N
22  13.1  21.8   16:24   4.9   06:53   5.6   0.5   0.0   3.6  22.5   11:14     S
23  12.7  22.6   16:14   3.4   06:50   6.3   0.7   0.0   2.5  20.9   12:25   ESE
----------------------------------------------------------------------------------
    11.6  22.6    23     0.7    14   156.3   1.3  40.2   5.5  61.2    11       E

Max >=  27.0:  0
Max <=   0.0:  0
Min <=   0.0:  0
Min <= -18.0:  0
Max Rain: 33.2 on day 13
Days of Rain: 7 (>= 0.2 mm)  3 (>= 2.0 mm)  1 (>= 20.0 mm)
Heat Base: 18.3  Cool Base: 18.3  Method: Integration