NOAA-style Climate Reports

Select a Year or Month report

Report for 2018 Jul
                   Monthly Climatological Summary for Jul 2018

Name: Meteo Sarzana   City: Sarzana   State: Italy
Elevation: 21 m  Lat: N 44 06' 04"   Lon: E 009 59' 08"

                  Temperature (C), Rain (mm), Wind Speed (km/h)

                                      Heat  Cool        Avg
    Mean                              Deg   Deg         Wind                 Dom
Day Temp  High   Time   Low    Time   Days  Days  Rain  Speed High   Time    Dir
----------------------------------------------------------------------------------
 1  23.7  31.4   15:58  15.2   06:13   0.6   5.9   0.0   0.0   0.0   00:00   ---
 2  23.8  30.4   15:33  15.7   05:44   0.4   5.9   0.0   0.0   0.0   00:00   ---
 3  24.5  31.3   14:26  17.2   05:06   0.1   6.3   0.0   0.0   0.0   00:00   ---
 4  25.2  30.5   14:15  21.0   05:51   0.0   6.9   1.4   0.0   0.0   00:00   ---
 5  24.8  29.5   13:41  19.3   04:19   0.0   6.5   0.0   0.0   0.0   00:00   ---
 6  24.2  29.9   15:28  20.6   05:39   0.0   5.9   0.0   0.0   0.0   00:00   ---
 7  24.6  31.6   16:47  17.7   05:50   0.0   6.3   0.0   0.0   0.0   00:00   ---
 8  24.7  31.1   13:54  17.1   06:06   0.1   6.5   0.0   0.0   0.0   00:00   ---
 9  25.8  31.9   14:16  19.7   06:03   0.0   7.5   0.0   0.0   0.0   00:00   ---
10  24.4  30.8   14:22  17.4   05:29   0.1   6.2   0.0   0.0   0.0   00:00   ---
11  24.7  29.1   13:11  20.7   23:51   0.0   6.4   0.0   0.0   0.0   00:00   ---
12  22.7  28.3   16:17  18.2   03:43   0.0   4.4   0.0   0.0   0.0   00:00   ---
13  24.4  31.0   14:08  17.4   06:03   0.1   6.1   0.0   0.0   0.0   00:00   ---
14  25.0  33.6   16:45  16.2   04:47   0.4   7.1   0.0   0.0   0.0   00:00   ---
15  25.6  32.2   14:43  18.4   06:03   0.0   7.3   0.0   0.0   0.0   00:00   ---
16  24.9  28.6   15:08  20.3   06:45   0.0   6.6   0.0   0.0   0.0   00:00   ---
17  24.6  29.6   15:21  18.1   06:04   0.0   6.3   0.0   0.0   0.0   00:00   ---
----------------------------------------------------------------------------------
    24.6  33.6    14    15.2     1     1.8 108.1   1.4   0.0   0.0     0     ---

Max >=  27.0: 17
Max <=   0.0:  0
Min <=   0.0:  0
Min <= -18.0:  0
Max Rain: 1.4 on day 4
Days of Rain: 1 (>= 0.2 mm)  0 (>= 2.0 mm)  0 (>= 20.0 mm)
Heat Base: 18.3  Cool Base: 18.3  Method: Integration